000
CDUS41 KALY 162051
CLIGFL


CLIMATE REPORT
NATIONAL WEATHER SERVICE ALBANY NY
450 PM EDT THU APR 16 2015


...................................

...THE GLENS FALLS NY CLIMATE SUMMARY FOR APRIL 16 2015...
VALID TODAY AS OF 0400 PM LOCAL TIME.

CLIMATE NORMAL PERIOD 1981 TO 2010
CLIMATE RECORD PERIOD 1949 TO 2015


WEATHER ITEM   OBSERVED TIME   RECORD YEAR NORMAL DEPARTURE LAST
                VALUE   (LST)  VALUE       VALUE  FROM      YEAR
                                                  NORMAL
..................................................................
TEMPERATURE (F)
 TODAY
  MAXIMUM         67    349 PM  89    2002  57     10       39
  MINIMUM         26    419 AM  21    1992  33     -7       24
  AVERAGE         47                        45      2       32

PRECIPITATION (IN)
  TODAY            0.00          1.06 1996   0.10  -0.10     0.00
  MONTH TO DATE    0.89                      1.57  -0.68     1.93
  SINCE MAR 1      1.57                      4.51  -2.94     4.65
  SINCE JAN 1      3.62                      9.45  -5.83     9.18

DEGREE DAYS
 HEATING
  TODAY           18                        20     -2       33
  MONTH TO DATE  364                       372     -8      337
  SINCE MAR 1   1546                      1415    131     1647
  SINCE JUL 1   7227                      7035    192     7416

 COOLING
  TODAY            0                         0      0        0
  MONTH TO DATE    0                         0      0        0
  SINCE MAR 1      0                         0      0        0
  SINCE JAN 1      0                         0      0        0
..................................................................


WIND (MPH)
  HIGHEST WIND SPEED    15   HIGHEST WIND DIRECTION    SW (210)
  HIGHEST GUST SPEED    22   HIGHEST GUST DIRECTION    SW (230)
  AVERAGE WIND SPEED     4.0


SKY COVER
  AVERAGE SKY COVER 0.0



RELATIVE HUMIDITY (PERCENT)
 HIGHEST    85           100 AM
 LOWEST     16           300 PM
 AVERAGE    51

..........................................................


THE GLENS FALLS NY CLIMATE NORMALS FOR TOMORROW
                         NORMAL    RECORD    YEAR
 MAXIMUM TEMPERATURE (F)   58        91      2002
 MINIMUM TEMPERATURE (F)   33        20      2014


SUNRISE AND SUNSET
APRIL 16 2015.........SUNRISE   611 AM EDT   SUNSET   738 PM EDT
APRIL 17 2015.........SUNRISE   609 AM EDT   SUNSET   739 PM EDT


-  INDICATES NEGATIVE NUMBERS.
R  INDICATES RECORD WAS SET OR TIED.
MM INDICATES DATA IS MISSING.
T  INDICATES TRACE AMOUNT.




$$
