000
CDUS41 KALY 080626
CLIGFL


CLIMATE REPORT
NATIONAL WEATHER SERVICE ALBANY NY
226 AM EDT WED APR 8 2015


...................................

...THE GLENS FALLS NY CLIMATE SUMMARY FOR APRIL 7 2015...

CLIMATE NORMAL PERIOD 1981 TO 2010
CLIMATE RECORD PERIOD 1949 TO 2015


WEATHER ITEM   OBSERVED TIME   RECORD YEAR NORMAL DEPARTURE LAST
                VALUE   (LST)  VALUE       VALUE  FROM      YEAR
                                                  NORMAL
..................................................................
TEMPERATURE (F)
 YESTERDAY
  MAXIMUM         46    151 PM  85    1991  53     -7       56
  MINIMUM         27   1159 PM   8    2003  30     -3       26
  AVERAGE         37                        41     -4       41

PRECIPITATION (IN)
  YESTERDAY        T             1.33 1962   0.09  -0.09     0.05
  MONTH TO DATE    0.05                      0.66  -0.61     0.48
  SINCE MAR 1      0.73                      3.60  -2.87     3.20
  SINCE JAN 1      2.78                      8.54  -5.76     7.73

DEGREE DAYS
 HEATING
  YESTERDAY       28                        24      4       24
  MONTH TO DATE  180                       177      3      177
  SINCE MAR 1   1362                      1220    142     1487
  SINCE JUL 1   7043                      6840    203     7256

 COOLING
  YESTERDAY        0                         0      0        0
  MONTH TO DATE    0                         0      0        0
  SINCE MAR 1      0                         0      0        0
  SINCE JAN 1      0                         0      0        0
..................................................................


WIND (MPH)
  HIGHEST WIND SPEED    18   HIGHEST WIND DIRECTION    NE (50)
  HIGHEST GUST SPEED    23   HIGHEST GUST DIRECTION    NE (50)
  AVERAGE WIND SPEED     7.6


SKY COVER
  AVERAGE SKY COVER 0.7



RELATIVE HUMIDITY (PERCENT)
 HIGHEST    92           500 AM
 LOWEST     25           300 PM
 AVERAGE    59

..........................................................


THE GLENS FALLS NY CLIMATE NORMALS FOR TODAY
                         NORMAL    RECORD    YEAR
 MAXIMUM TEMPERATURE (F)   53        79      1991
 MINIMUM TEMPERATURE (F)   30        19      1995


SUNRISE AND SUNSET
APRIL  8 2015.........SUNRISE   625 AM EDT   SUNSET   729 PM EDT
APRIL  9 2015.........SUNRISE   623 AM EDT   SUNSET   730 PM EDT


-  INDICATES NEGATIVE NUMBERS.
R  INDICATES RECORD WAS SET OR TIED.
MM INDICATES DATA IS MISSING.
T  INDICATES TRACE AMOUNT.




$$
