000
CDUS41 KALY 160625
CLIGFL


CLIMATE REPORT
NATIONAL WEATHER SERVICE ALBANY NY
224 AM EDT THU APR 16 2015


...................................

...THE GLENS FALLS NY CLIMATE SUMMARY FOR APRIL 15 2015...

CLIMATE NORMAL PERIOD 1981 TO 2010
CLIMATE RECORD PERIOD 1949 TO 2015


WEATHER ITEM   OBSERVED TIME   RECORD YEAR NORMAL DEPARTURE LAST
                VALUE   (LST)  VALUE       VALUE  FROM      YEAR
                                                  NORMAL
..................................................................
TEMPERATURE (F)
 YESTERDAY
  MAXIMUM         63    303 PM  84    2003  57      6       65
  MINIMUM         32   1156 PM  20    1982  33     -1       29
  AVERAGE         48                        45      3       47

PRECIPITATION (IN)
  YESTERDAY        0.00          1.49 2007   0.10  -0.10     0.92
  MONTH TO DATE    0.89                      1.47  -0.58     1.93
  SINCE MAR 1      1.57                      4.41  -2.84     4.65
  SINCE JAN 1      3.62                      9.35  -5.73     9.18

DEGREE DAYS
 HEATING
  YESTERDAY       17                        20     -3       18
  MONTH TO DATE  346                       352     -6      304
  SINCE MAR 1   1528                      1395    133     1614
  SINCE JUL 1   7209                      7015    194     7383

 COOLING
  YESTERDAY        0                         0      0        0
  MONTH TO DATE    0                         0      0        0
  SINCE MAR 1      0                         0      0        0
  SINCE JAN 1      0                         0      0        0
..................................................................


WIND (MPH)
  HIGHEST WIND SPEED    24   HIGHEST WIND DIRECTION    NW (310)
  HIGHEST GUST SPEED    34   HIGHEST GUST DIRECTION     W (290)
  AVERAGE WIND SPEED     7.7


SKY COVER
  AVERAGE SKY COVER 0.0



RELATIVE HUMIDITY (PERCENT)
 HIGHEST    70          1000 PM
 LOWEST     19           100 PM
 AVERAGE    45

..........................................................


THE GLENS FALLS NY CLIMATE NORMALS FOR TODAY
                         NORMAL    RECORD    YEAR
 MAXIMUM TEMPERATURE (F)   57        89      2002
 MINIMUM TEMPERATURE (F)   33        21      1992


SUNRISE AND SUNSET
APRIL 16 2015.........SUNRISE   611 AM EDT   SUNSET   738 PM EDT
APRIL 17 2015.........SUNRISE   609 AM EDT   SUNSET   739 PM EDT


-  INDICATES NEGATIVE NUMBERS.
R  INDICATES RECORD WAS SET OR TIED.
MM INDICATES DATA IS MISSING.
T  INDICATES TRACE AMOUNT.




$$
