000
CDUS41 KALY 230624
CLIGFL


CLIMATE REPORT
NATIONAL WEATHER SERVICE ALBANY NY
223 AM EDT THU APR 23 2015


...................................

...THE GLENS FALLS NY CLIMATE SUMMARY FOR APRIL 22 2015...

CLIMATE NORMAL PERIOD 1981 TO 2010
CLIMATE RECORD PERIOD 1949 TO 2015


WEATHER ITEM   OBSERVED TIME   RECORD YEAR NORMAL DEPARTURE LAST
                VALUE   (LST)  VALUE       VALUE  FROM      YEAR
                                                  NORMAL
..................................................................
TEMPERATURE (F)
 YESTERDAY
  MAXIMUM         54   1118 AM  84    1973  60     -6       70
  MINIMUM         32    549 AM  21    1975  35     -3       48
  AVERAGE         43                        47     -4       59

PRECIPITATION (IN)
  YESTERDAY        0.32          1.58 1969   0.10   0.22     0.04
  MONTH TO DATE    1.96                      2.15  -0.19     1.97
  SINCE MAR 1      2.64                      5.09  -2.45     4.69
  SINCE JAN 1      4.69                     10.03  -5.34     9.22

DEGREE DAYS
 HEATING
  YESTERDAY       22                        18      4        6
  MONTH TO DATE  460                       484    -24      451
  SINCE MAR 1   1642                      1527    115     1761
  SINCE JUL 1   7323                      7147    176     7530

 COOLING
  YESTERDAY        0                         0      0        0
  MONTH TO DATE    0                         0      0        0
  SINCE MAR 1      0                         0      0        0
  SINCE JAN 1      0                         0      0        0
..................................................................


WIND (MPH)
  HIGHEST WIND SPEED    15   HIGHEST WIND DIRECTION    NW (330)
  HIGHEST GUST SPEED    21   HIGHEST GUST DIRECTION    NW (330)
  AVERAGE WIND SPEED     3.7


SKY COVER
  AVERAGE SKY COVER 0.9



RELATIVE HUMIDITY (PERCENT)
 HIGHEST    96           600 AM
 LOWEST     54          1000 AM
 AVERAGE    75

..........................................................


THE GLENS FALLS NY CLIMATE NORMALS FOR TODAY
                         NORMAL    RECORD    YEAR
 MAXIMUM TEMPERATURE (F)   60        85      2007
 MINIMUM TEMPERATURE (F)   35        18      1982


SUNRISE AND SUNSET
APRIL 23 2015.........SUNRISE   600 AM EDT   SUNSET   747 PM EDT
APRIL 24 2015.........SUNRISE   558 AM EDT   SUNSET   748 PM EDT


-  INDICATES NEGATIVE NUMBERS.
R  INDICATES RECORD WAS SET OR TIED.
MM INDICATES DATA IS MISSING.
T  INDICATES TRACE AMOUNT.




$$
