000
CDUS41 KALY 062045
CLIGFL


CLIMATE REPORT
NATIONAL WEATHER SERVICE ALBANY NY
445 PM EDT WED MAY 6 2015


...................................

...THE GLENS FALLS NY CLIMATE SUMMARY FOR MAY 6 2015...
VALID TODAY AS OF 0400 PM LOCAL TIME.

CLIMATE NORMAL PERIOD 1981 TO 2010
CLIMATE RECORD PERIOD 1949 TO 2015


WEATHER ITEM   OBSERVED TIME   RECORD YEAR NORMAL DEPARTURE LAST
                VALUE   (LST)  VALUE       VALUE  FROM      YEAR
                                                  NORMAL
..................................................................
TEMPERATURE (F)
 TODAY
  MAXIMUM         76    343 PM  84    1977  65     11       62
  MINIMUM         43    316 AM  26    1969  39      4       33
  AVERAGE         60                        52      8       48

PRECIPITATION (IN)
  TODAY            0.00          1.17 1989   0.12  -0.12     0.00
  MONTH TO DATE    0.00                      0.69  -0.69     0.60
  SINCE MAR 1      2.65                      6.63  -3.98     6.14
  SINCE JAN 1      4.70                     11.57  -6.87    10.67

DEGREE DAYS
 HEATING
  TODAY            5                        13     -8       17
  MONTH TO DATE   34                        82    -48       85
  SINCE MAR 1   1816                      1738     78     1989
  SINCE JUL 1   7497                      7358    139     7758

 COOLING
  TODAY            0                         0      0        0
  MONTH TO DATE    0                         0      0        0
  SINCE MAR 1      0                         1     -1        0
  SINCE JAN 1      0                         1     -1        0
..................................................................


WIND (MPH)
  HIGHEST WIND SPEED    14   HIGHEST WIND DIRECTION     E (90)
  HIGHEST GUST SPEED    16   HIGHEST GUST DIRECTION     E (80)
  AVERAGE WIND SPEED     2.0


SKY COVER
  AVERAGE SKY COVER 0.0



RELATIVE HUMIDITY (PERCENT)
 HIGHEST    89           200 AM
 LOWEST     21           300 PM
 AVERAGE    55

..........................................................


THE GLENS FALLS NY CLIMATE NORMALS FOR TOMORROW
                         NORMAL    RECORD    YEAR
 MAXIMUM TEMPERATURE (F)   66        88      2000
 MINIMUM TEMPERATURE (F)   40        25      1967


SUNRISE AND SUNSET
MAY  6 2015...........SUNRISE   541 AM EDT   SUNSET   802 PM EDT
MAY  7 2015...........SUNRISE   540 AM EDT   SUNSET   803 PM EDT


-  INDICATES NEGATIVE NUMBERS.
R  INDICATES RECORD WAS SET OR TIED.
MM INDICATES DATA IS MISSING.
T  INDICATES TRACE AMOUNT.




$$
