000
CDUS41 KALY 150622
CLIGFL


CLIMATE REPORT
NATIONAL WEATHER SERVICE ALBANY NY
221 AM EDT WED APR 15 2015


...................................

...THE GLENS FALLS NY CLIMATE SUMMARY FOR APRIL 14 2015...

CLIMATE NORMAL PERIOD 1981 TO 2010
CLIMATE RECORD PERIOD 1949 TO 2015


WEATHER ITEM   OBSERVED TIME   RECORD YEAR NORMAL DEPARTURE LAST
                VALUE   (LST)  VALUE       VALUE  FROM      YEAR
                                                  NORMAL
..................................................................
TEMPERATURE (F)
 YESTERDAY
  MAXIMUM         65    321 PM  84    1968  56      9       78
  MINIMUM         36   1038 PM  17    1992  32      4       46
  AVERAGE         51                        44      7       62

PRECIPITATION (IN)
  YESTERDAY        T             0.81 1952   0.10  -0.10     0.00
  MONTH TO DATE    0.89                      1.37  -0.48     1.01
  SINCE MAR 1      1.57                      4.31  -2.74     3.73
  SINCE JAN 1      3.62                      9.25  -5.63     8.26

DEGREE DAYS
 HEATING
  YESTERDAY       14                        21     -7        3
  MONTH TO DATE  329                       332     -3      286
  SINCE MAR 1   1511                      1375    136     1596
  SINCE JUL 1   7192                      6995    197     7365

 COOLING
  YESTERDAY        0                         0      0        0
  MONTH TO DATE    0                         0      0        0
  SINCE MAR 1      0                         0      0        0
  SINCE JAN 1      0                         0      0        0
..................................................................


WIND (MPH)
  HIGHEST WIND SPEED    23   HIGHEST WIND DIRECTION     W (290)
  HIGHEST GUST SPEED    32   HIGHEST GUST DIRECTION     W (290)
  AVERAGE WIND SPEED     7.7


SKY COVER
  AVERAGE SKY COVER 0.3



RELATIVE HUMIDITY (PERCENT)
 HIGHEST    61           600 AM
 LOWEST     17           500 PM
 AVERAGE    39

..........................................................


THE GLENS FALLS NY CLIMATE NORMALS FOR TODAY
                         NORMAL    RECORD    YEAR
 MAXIMUM TEMPERATURE (F)   57        84      2003
 MINIMUM TEMPERATURE (F)   33        20      1982


SUNRISE AND SUNSET
APRIL 15 2015.........SUNRISE   613 AM EDT   SUNSET   737 PM EDT
APRIL 16 2015.........SUNRISE   611 AM EDT   SUNSET   738 PM EDT


-  INDICATES NEGATIVE NUMBERS.
R  INDICATES RECORD WAS SET OR TIED.
MM INDICATES DATA IS MISSING.
T  INDICATES TRACE AMOUNT.




$$
