000
CDUS41 KALY 140622
CLIGFL


CLIMATE REPORT
NATIONAL WEATHER SERVICE ALBANY NY
222 AM EDT TUE APR 14 2015


...................................

...THE GLENS FALLS NY CLIMATE SUMMARY FOR APRIL 13 2015...

CLIMATE NORMAL PERIOD 1981 TO 2010
CLIMATE RECORD PERIOD 1949 TO 2015


WEATHER ITEM   OBSERVED TIME   RECORD YEAR NORMAL DEPARTURE LAST
                VALUE   (LST)  VALUE       VALUE  FROM      YEAR
                                                  NORMAL
..................................................................
TEMPERATURE (F)
 YESTERDAY
  MAXIMUM         74    252 PM  83    1977  56     18       76
  MINIMUM         29    539 AM  17    1967  32     -3       40
  AVERAGE         52                        44      8       58

PRECIPITATION (IN)
  YESTERDAY        0.00          1.33 2002   0.10  -0.10     0.27
  MONTH TO DATE    0.89                      1.27  -0.38     1.01
  SINCE MAR 1      1.57                      4.21  -2.64     3.73
  SINCE JAN 1      3.62                      9.15  -5.53     8.26

DEGREE DAYS
 HEATING
  YESTERDAY       13                        21     -8        7
  MONTH TO DATE  315                       311      4      283
  SINCE MAR 1   1497                      1354    143     1593
  SINCE JUL 1   7178                      6974    204     7362

 COOLING
  YESTERDAY        0                         0      0        0
  MONTH TO DATE    0                         0      0        0
  SINCE MAR 1      0                         0      0        0
  SINCE JAN 1      0                         0      0        0
..................................................................


WIND (MPH)
  HIGHEST WIND SPEED    24   HIGHEST WIND DIRECTION     S (190)
  HIGHEST GUST SPEED    37   HIGHEST GUST DIRECTION     S (190)
  AVERAGE WIND SPEED     9.7


SKY COVER
  AVERAGE SKY COVER 0.0



RELATIVE HUMIDITY (PERCENT)
 HIGHEST    92           300 AM
 LOWEST     29           400 PM
 AVERAGE    61

..........................................................


THE GLENS FALLS NY CLIMATE NORMALS FOR TODAY
                         NORMAL    RECORD    YEAR
 MAXIMUM TEMPERATURE (F)   56        84      1968
 MINIMUM TEMPERATURE (F)   32        17      1992


SUNRISE AND SUNSET
APRIL 14 2015.........SUNRISE   614 AM EDT   SUNSET   736 PM EDT
APRIL 15 2015.........SUNRISE   613 AM EDT   SUNSET   737 PM EDT


-  INDICATES NEGATIVE NUMBERS.
R  INDICATES RECORD WAS SET OR TIED.
MM INDICATES DATA IS MISSING.
T  INDICATES TRACE AMOUNT.




$$
