000
CDUS41 KALY 300628
CLIGFL


CLIMATE REPORT
NATIONAL WEATHER SERVICE ALBANY NY
227 AM EDT THU APR 30 2015


...................................

...THE GLENS FALLS NY CLIMATE SUMMARY FOR APRIL 29 2015...

CLIMATE NORMAL PERIOD 1981 TO 2010
CLIMATE RECORD PERIOD 1949 TO 2015


WEATHER ITEM   OBSERVED TIME   RECORD YEAR NORMAL DEPARTURE LAST
                VALUE   (LST)  VALUE       VALUE  FROM      YEAR
                                                  NORMAL
..................................................................
TEMPERATURE (F)
 YESTERDAY
  MAXIMUM         68    243 PM  83    1986  63      5       59
  MINIMUM         38    517 AM  26    2012  37      1       44
  AVERAGE         53                        50      3       52

PRECIPITATION (IN)
  YESTERDAY        0.00          1.05 1962   0.12  -0.12     0.08
  MONTH TO DATE    1.97                      2.89  -0.92     2.38
  SINCE MAR 1      2.65                      5.83  -3.18     5.10
  SINCE JAN 1      4.70                     10.77  -6.07     9.63

DEGREE DAYS
 HEATING
  YESTERDAY       12                        15     -3       13
  MONTH TO DATE  588                       598    -10      572
  SINCE MAR 1   1770                      1641    129     1882
  SINCE JUL 1   7451                      7261    190     7651

 COOLING
  YESTERDAY        0                         0      0        0
  MONTH TO DATE    0                         0      0        0
  SINCE MAR 1      0                         0      0        0
  SINCE JAN 1      0                         0      0        0
..................................................................


WIND (MPH)
  HIGHEST WIND SPEED    22   HIGHEST WIND DIRECTION    NE (30)
  HIGHEST GUST SPEED    28   HIGHEST GUST DIRECTION     E (80)
  AVERAGE WIND SPEED     8.0


SKY COVER
  AVERAGE SKY COVER 0.1



RELATIVE HUMIDITY (PERCENT)
 HIGHEST    86          1200 AM
 LOWEST     34           100 PM
 AVERAGE    60

..........................................................


THE GLENS FALLS NY CLIMATE NORMALS FOR TODAY
                         NORMAL    RECORD    YEAR
 MAXIMUM TEMPERATURE (F)   63        81      1985
 MINIMUM TEMPERATURE (F)   37        25      2012


SUNRISE AND SUNSET
APRIL 30 2015.........SUNRISE   549 AM EDT   SUNSET   755 PM EDT
MAY  1 2015...........SUNRISE   548 AM EDT   SUNSET   756 PM EDT


-  INDICATES NEGATIVE NUMBERS.
R  INDICATES RECORD WAS SET OR TIED.
MM INDICATES DATA IS MISSING.
T  INDICATES TRACE AMOUNT.




$$
