000
CDUS41 KALY 270638
CLIGFL


CLIMATE REPORT
NATIONAL WEATHER SERVICE ALBANY NY
237 AM EDT MON APR 27 2015


...................................

...THE GLENS FALLS NY CLIMATE SUMMARY FOR APRIL 26 2015...

CLIMATE NORMAL PERIOD 1981 TO 2010
CLIMATE RECORD PERIOD 1949 TO 2015


WEATHER ITEM   OBSERVED TIME   RECORD YEAR NORMAL DEPARTURE LAST
                VALUE   (LST)  VALUE       VALUE  FROM      YEAR
                                                  NORMAL
..................................................................
TEMPERATURE (F)
 YESTERDAY
  MAXIMUM         56    214 PM  84    1990  62     -6       55
  MINIMUM         44    523 AM  22    1972  36      8       41
  AVERAGE         50                        49      1       48

PRECIPITATION (IN)
  YESTERDAY        0.00          1.09 1953   0.11  -0.11     0.23
  MONTH TO DATE    1.96                      2.56  -0.60     2.29
  SINCE MAR 1      2.64                      5.50  -2.86     5.01
  SINCE JAN 1      4.69                     10.44  -5.75     9.54

DEGREE DAYS
 HEATING
  YESTERDAY       15                        16     -1       17
  MONTH TO DATE  548                       551     -3      522
  SINCE MAR 1   1730                      1594    136     1832
  SINCE JUL 1   7411                      7214    197     7601

 COOLING
  YESTERDAY        0                         0      0        0
  MONTH TO DATE    0                         0      0        0
  SINCE MAR 1      0                         0      0        0
  SINCE JAN 1      0                         0      0        0
..................................................................


WIND (MPH)
  HIGHEST WIND SPEED    14   HIGHEST WIND DIRECTION    NW (330)
  HIGHEST GUST SPEED    17   HIGHEST GUST DIRECTION     N (340)
  AVERAGE WIND SPEED     6.6


SKY COVER
  AVERAGE SKY COVER 1.0



RELATIVE HUMIDITY (PERCENT)
 HIGHEST    58           300 AM
 LOWEST     35           100 PM
 AVERAGE    47

..........................................................


THE GLENS FALLS NY CLIMATE NORMALS FOR TODAY
                         NORMAL    RECORD    YEAR
 MAXIMUM TEMPERATURE (F)   62        90      1990
 MINIMUM TEMPERATURE (F)   37        23      2002


SUNRISE AND SUNSET
APRIL 27 2015.........SUNRISE   554 AM EDT   SUNSET   751 PM EDT
APRIL 28 2015.........SUNRISE   552 AM EDT   SUNSET   752 PM EDT


-  INDICATES NEGATIVE NUMBERS.
R  INDICATES RECORD WAS SET OR TIED.
MM INDICATES DATA IS MISSING.
T  INDICATES TRACE AMOUNT.




$$
