000
CDUS41 KALY 250622
CLIGFL


CLIMATE REPORT
NATIONAL WEATHER SERVICE ALBANY NY
221 AM EDT SAT APR 25 2015


...................................

...THE GLENS FALLS NY CLIMATE SUMMARY FOR APRIL 24 2015...

CLIMATE NORMAL PERIOD 1981 TO 2010
CLIMATE RECORD PERIOD 1949 TO 2015


WEATHER ITEM   OBSERVED TIME   RECORD YEAR NORMAL DEPARTURE LAST
                VALUE   (LST)  VALUE       VALUE  FROM      YEAR
                                                  NORMAL
..................................................................
TEMPERATURE (F)
 YESTERDAY
  MAXIMUM         42    425 PM  82    2001  61    -19       56
  MINIMUM         34   1159 PM  26    2002  36     -2       36
  AVERAGE         38                        48    -10       46

PRECIPITATION (IN)
  YESTERDAY        0.00          2.66 1968   0.10  -0.10     0.00
  MONTH TO DATE    1.96                      2.35  -0.39     1.98
  SINCE MAR 1      2.64                      5.29  -2.65     4.70
  SINCE JAN 1      4.69                     10.23  -5.54     9.23

DEGREE DAYS
 HEATING
  YESTERDAY       27                        17     10       19
  MONTH TO DATE  511                       518     -7      485
  SINCE MAR 1   1693                      1561    132     1795
  SINCE JUL 1   7374                      7181    193     7564

 COOLING
  YESTERDAY        0                         0      0        0
  MONTH TO DATE    0                         0      0        0
  SINCE MAR 1      0                         0      0        0
  SINCE JAN 1      0                         0      0        0
..................................................................


WIND (MPH)
  HIGHEST WIND SPEED    17   HIGHEST WIND DIRECTION     W (290)
  HIGHEST GUST SPEED    24   HIGHEST GUST DIRECTION    NW (300)
  AVERAGE WIND SPEED     8.2


SKY COVER
  AVERAGE SKY COVER 1.0



RELATIVE HUMIDITY (PERCENT)
 HIGHEST    64           400 AM
 LOWEST     39           100 PM
 AVERAGE    52

..........................................................


THE GLENS FALLS NY CLIMATE NORMALS FOR TODAY
                         NORMAL    RECORD    YEAR
 MAXIMUM TEMPERATURE (F)   61        89      2009
 MINIMUM TEMPERATURE (F)   36        23      2003


SUNRISE AND SUNSET
APRIL 25 2015.........SUNRISE   557 AM EDT   SUNSET   749 PM EDT
APRIL 26 2015.........SUNRISE   555 AM EDT   SUNSET   750 PM EDT


-  INDICATES NEGATIVE NUMBERS.
R  INDICATES RECORD WAS SET OR TIED.
MM INDICATES DATA IS MISSING.
T  INDICATES TRACE AMOUNT.




$$
