000
CDUS41 KALY 090624
CLIGFL


CLIMATE REPORT
NATIONAL WEATHER SERVICE ALBANY NY
222 AM EDT THU APR 9 2015


...................................

...THE GLENS FALLS NY CLIMATE SUMMARY FOR APRIL 8 2015...

CLIMATE NORMAL PERIOD 1981 TO 2010
CLIMATE RECORD PERIOD 1949 TO 2015


WEATHER ITEM   OBSERVED TIME   RECORD YEAR NORMAL DEPARTURE LAST
                VALUE   (LST)  VALUE       VALUE  FROM      YEAR
                                                  NORMAL
..................................................................
TEMPERATURE (F)
 YESTERDAY
  MAXIMUM         44   1233 PM  79    1991  53     -9       56
  MINIMUM         27   1212 AM  19    1995  30     -3       35
  AVERAGE         36                        42     -6       46

PRECIPITATION (IN)
  YESTERDAY        0.48R         0.37 2001   0.10   0.38     0.26
  MONTH TO DATE    0.53                      0.76  -0.23     0.74
  SINCE MAR 1      1.21                      3.70  -2.49     3.46
  SINCE JAN 1      3.26                      8.64  -5.38     7.99

DEGREE DAYS
 HEATING
  YESTERDAY       29                        23      6       19
  MONTH TO DATE  209                       200      9      196
  SINCE MAR 1   1391                      1243    148     1506
  SINCE JUL 1   7072                      6863    209     7275

 COOLING
  YESTERDAY        0                         0      0        0
  MONTH TO DATE    0                         0      0        0
  SINCE MAR 1      0                         0      0        0
  SINCE JAN 1      0                         0      0        0
..................................................................


WIND (MPH)
  HIGHEST WIND SPEED    16   HIGHEST WIND DIRECTION    SE (150)
  HIGHEST GUST SPEED    20   HIGHEST GUST DIRECTION    SE (150)
  AVERAGE WIND SPEED     6.2


SKY COVER
  AVERAGE SKY COVER 0.7



RELATIVE HUMIDITY (PERCENT)
 HIGHEST    96           600 PM
 LOWEST     31          1200 PM
 AVERAGE    64

..........................................................


THE GLENS FALLS NY CLIMATE NORMALS FOR TODAY
                         NORMAL    RECORD    YEAR
 MAXIMUM TEMPERATURE (F)   54        75      1991
 MINIMUM TEMPERATURE (F)   30        17      1997


SUNRISE AND SUNSET
APRIL  9 2015.........SUNRISE   623 AM EDT   SUNSET   730 PM EDT
APRIL 10 2015.........SUNRISE   621 AM EDT   SUNSET   731 PM EDT


-  INDICATES NEGATIVE NUMBERS.
R  INDICATES RECORD WAS SET OR TIED.
MM INDICATES DATA IS MISSING.
T  INDICATES TRACE AMOUNT.




$$
