000
CDUS41 KALY 020623
CLIGFL


CLIMATE REPORT
NATIONAL WEATHER SERVICE ALBANY NY
222 AM EDT SAT MAY 2 2015


...................................

...THE GLENS FALLS NY CLIMATE SUMMARY FOR MAY 1 2015...

CLIMATE NORMAL PERIOD 1981 TO 2010
CLIMATE RECORD PERIOD 1949 TO 2015


WEATHER ITEM   OBSERVED TIME   RECORD YEAR NORMAL DEPARTURE LAST
                VALUE   (LST)  VALUE       VALUE  FROM      YEAR
                                                  NORMAL
..................................................................
TEMPERATURE (F)
 YESTERDAY
  MAXIMUM         64   1245 PM  85    2001  64      0       70
  MINIMUM         42    133 AM  24    2008  38      4       43
  AVERAGE         53                        51      2       57

PRECIPITATION (IN)
  YESTERDAY        0.00          1.19 1976   0.11  -0.11     0.44
  MONTH TO DATE    0.00                      0.11  -0.11     0.44
  SINCE MAR 1      2.65                      6.05  -3.40     5.98
  SINCE JAN 1      4.70                     10.99  -6.29    10.51

DEGREE DAYS
 HEATING
  YESTERDAY       12                        14     -2        8
  MONTH TO DATE   12                        14     -2        8
  SINCE MAR 1   1794                      1670    124     1912
  SINCE JUL 1   7475                      7290    185     7681

 COOLING
  YESTERDAY        0                         0      0        0
  MONTH TO DATE    0                         0      0        0
  SINCE MAR 1      0                         1     -1        0
  SINCE JAN 1      0                         1     -1        0
..................................................................


WIND (MPH)
  HIGHEST WIND SPEED     8   HIGHEST WIND DIRECTION    SW (210)
  HIGHEST GUST SPEED    10   HIGHEST GUST DIRECTION     S (200)
  AVERAGE WIND SPEED     1.2


SKY COVER
  AVERAGE SKY COVER 0.8



RELATIVE HUMIDITY (PERCENT)
 HIGHEST    83          1200 AM
 LOWEST     39           300 PM
 AVERAGE    61

..........................................................


THE GLENS FALLS NY CLIMATE NORMALS FOR TODAY
                         NORMAL    RECORD    YEAR
 MAXIMUM TEMPERATURE (F)   64        88      2001
 MINIMUM TEMPERATURE (F)   38        27      1987


SUNRISE AND SUNSET
MAY  2 2015...........SUNRISE   547 AM EDT   SUNSET   757 PM EDT
MAY  3 2015...........SUNRISE   545 AM EDT   SUNSET   758 PM EDT


-  INDICATES NEGATIVE NUMBERS.
R  INDICATES RECORD WAS SET OR TIED.
MM INDICATES DATA IS MISSING.
T  INDICATES TRACE AMOUNT.




$$
