000
CDUS41 KOKX 132040
CLIISP


CLIMATE REPORT
NATIONAL WEATHER SERVICE NEW YORK NY
438 PM EDT MON APR 13 2015


...................................

...THE ISLIP NY CLIMATE SUMMARY FOR APRIL 13 2015...
VALID TODAY AS OF 0400 PM LOCAL TIME.

CLIMATE NORMAL PERIOD 1981 TO 2010
CLIMATE RECORD PERIOD 1986 TO 2015


WEATHER ITEM   OBSERVED TIME   RECORD YEAR NORMAL DEPARTURE LAST
                VALUE   (LST)  VALUE       VALUE  FROM      YEAR
                                                  NORMAL
..................................................................
TEMPERATURE (F)
 TODAY
  MAXIMUM         61    259 PM  71    2001  57      4       65
  MINIMUM         36    420 AM  27    1990  40     -4       42
  AVERAGE         49                        48      1       54

PRECIPITATION (IN)
  TODAY            0.00          3.69 2004   0.15  -0.15     0.00
  MONTH TO DATE    0.42                      1.98  -1.56     1.11
  SINCE MAR 1      5.49                      6.42  -0.93     7.01
  SINCE JAN 1     13.43                     13.32   0.11    15.35

SNOWFALL (IN)
  TODAY            0.0          MM      MM   0.0    0.0      0.0
  MONTH TO DATE    0.0                       0.4   -0.4      0.0
  SINCE OCT 1     63.7                      24.6   39.1     63.5
  SINCE JUL 1     63.7                      24.6   39.1     63.5
  SNOW DEPTH       0

DEGREE DAYS
 HEATING
  TODAY           16                        17     -1       11
  MONTH TO DATE  256                       243     13      211
  SINCE MAR 1   1172                      1040    132     1108
  SINCE JUL 1   5192                      4935    257     5061

 COOLING
  TODAY            0                         0      0        0
  MONTH TO DATE    0                         0      0        0
  SINCE MAR 1      0                         0      0        0
  SINCE JAN 1      0                         0      0        0
..................................................................


WIND (MPH)
  HIGHEST WIND SPEED    18   HIGHEST WIND DIRECTION     S (200)
  HIGHEST GUST SPEED    24   HIGHEST GUST DIRECTION     S (200)
  AVERAGE WIND SPEED     6.2


SKY COVER
  AVERAGE SKY COVER 0.5


WEATHER CONDITIONS
 THE FOLLOWING WEATHER WAS RECORDED TODAY.
  NO SIGNIFICANT WEATHER WAS OBSERVED.


RELATIVE HUMIDITY (PERCENT)
 HIGHEST    89           700 AM
 LOWEST     40          1100 AM
 AVERAGE    65

..........................................................


THE ISLIP NY CLIMATE NORMALS FOR TOMORROW
                         NORMAL    RECORD    YEAR
 MAXIMUM TEMPERATURE (F)   57        73      2002
 MINIMUM TEMPERATURE (F)   40        28      2000


SUNRISE AND SUNSET
APRIL 13 2015.........SUNRISE   617 AM EDT   SUNSET   730 PM EDT
APRIL 14 2015.........SUNRISE   616 AM EDT   SUNSET   731 PM EDT


-  INDICATES NEGATIVE NUMBERS.
R  INDICATES RECORD WAS SET OR TIED.
MM INDICATES DATA IS MISSING.
T  INDICATES TRACE AMOUNT.




$$
