000
CDUS41 KOKX 260635
CLIISP


CLIMATE REPORT
NATIONAL WEATHER SERVICE NEW YORK NY
234 AM EDT SUN APR 26 2015


...................................

...THE ISLIP NY CLIMATE SUMMARY FOR APRIL 25 2015...

CLIMATE NORMAL PERIOD 1981 TO 2010
CLIMATE RECORD PERIOD 1986 TO 2015


WEATHER ITEM   OBSERVED TIME   RECORD YEAR NORMAL DEPARTURE LAST
                VALUE   (LST)  VALUE       VALUE  FROM      YEAR
                                                  NORMAL
..................................................................
TEMPERATURE (F)
 YESTERDAY
  MAXIMUM         58    403 PM  76    1994  61     -3       60
  MINIMUM         32R   344 AM  36    2012  44    -12       38
  AVERAGE         45                        52     -7       49

PRECIPITATION (IN)
  YESTERDAY        0.00          1.22 2010   0.15  -0.15     0.00
  MONTH TO DATE    1.66                      3.66  -2.00     2.10
  SINCE MAR 1      6.73                      8.10  -1.37     8.00
  SINCE JAN 1     14.67                     15.00  -0.33    16.34

SNOWFALL (IN)
  YESTERDAY        0.0          MM      MM   0.0    0.0      0.0
  MONTH TO DATE    0.0                       0.6   -0.6      0.2
  SINCE OCT 1     63.7                      24.8   38.9     63.7
  SINCE JUL 1     63.7                      24.8   38.9     63.7
  SNOW DEPTH       0

DEGREE DAYS
 HEATING
  YESTERDAY       20                        13      7       16
  MONTH TO DATE  413                       418     -5      407
  SINCE MAR 1   1329                      1215    114     1304
  SINCE JUL 1   5349                      5110    239     5257

 COOLING
  YESTERDAY        0                         0      0        0
  MONTH TO DATE    0                         0      0        0
  SINCE MAR 1      0                         0      0        0
  SINCE JAN 1      0                         0      0        0
..................................................................


WIND (MPH)
  HIGHEST WIND SPEED    18   HIGHEST WIND DIRECTION     W (290)
  HIGHEST GUST SPEED    23   HIGHEST GUST DIRECTION    NW (320)
  AVERAGE WIND SPEED     8.7


SKY COVER
  AVERAGE SKY COVER 0.3


WEATHER CONDITIONS
 THE FOLLOWING WEATHER WAS RECORDED YESTERDAY.
  NO SIGNIFICANT WEATHER WAS OBSERVED.


RELATIVE HUMIDITY (PERCENT)
 HIGHEST    79          1100 PM
 LOWEST     28           300 PM
 AVERAGE    54

..........................................................


THE ISLIP NY CLIMATE NORMALS FOR TODAY
                         NORMAL    RECORD    YEAR
 MAXIMUM TEMPERATURE (F)   61        88      2009
 MINIMUM TEMPERATURE (F)   44        34      2002


SUNRISE AND SUNSET
APRIL 26 2015.........SUNRISE   558 AM EDT   SUNSET   743 PM EDT
APRIL 27 2015.........SUNRISE   557 AM EDT   SUNSET   744 PM EDT


-  INDICATES NEGATIVE NUMBERS.
R  INDICATES RECORD WAS SET OR TIED.
MM INDICATES DATA IS MISSING.
T  INDICATES TRACE AMOUNT.




$$
