000
CDUS41 KOKX 150617
CLIISP


CLIMATE REPORT
NATIONAL WEATHER SERVICE NEW YORK NY
216 AM EDT WED APR 15 2015


...................................

...THE ISLIP NY CLIMATE SUMMARY FOR APRIL 14 2015...

CLIMATE NORMAL PERIOD 1981 TO 2010
CLIMATE RECORD PERIOD 1986 TO 2015


WEATHER ITEM   OBSERVED TIME   RECORD YEAR NORMAL DEPARTURE LAST
                VALUE   (LST)  VALUE       VALUE  FROM      YEAR
                                                  NORMAL
..................................................................
TEMPERATURE (F)
 YESTERDAY
  MAXIMUM         65    347 PM  73    2002  57      8       65
  MINIMUM         51   1148 PM  28    2000  40     11       54
  AVERAGE         58                        49      9       60

PRECIPITATION (IN)
  YESTERDAY        0.04          0.69 1984   0.15  -0.11     0.00
  MONTH TO DATE    0.46                      2.13  -1.67     1.11
  SINCE MAR 1      5.53                      6.57  -1.04     7.01
  SINCE JAN 1     13.47                     13.47   0.00    15.35

SNOWFALL (IN)
  YESTERDAY        0.0          MM      MM   0.0    0.0      0.0
  MONTH TO DATE    0.0                       0.4   -0.4      0.0
  SINCE OCT 1     63.7                      24.6   39.1     63.5
  SINCE JUL 1     63.7                      24.6   39.1     63.5
  SNOW DEPTH       0

DEGREE DAYS
 HEATING
  YESTERDAY        7                        16     -9        5
  MONTH TO DATE  263                       259      4      216
  SINCE MAR 1   1179                      1056    123     1113
  SINCE JUL 1   5199                      4951    248     5066

 COOLING
  YESTERDAY        0                         0      0        0
  MONTH TO DATE    0                         0      0        0
  SINCE MAR 1      0                         0      0        0
  SINCE JAN 1      0                         0      0        0
..................................................................


WIND (MPH)
  HIGHEST WIND SPEED    20   HIGHEST WIND DIRECTION    SW (210)
  HIGHEST GUST SPEED    26   HIGHEST GUST DIRECTION    SW (210)
  AVERAGE WIND SPEED     6.1


SKY COVER
  AVERAGE SKY COVER 0.9


WEATHER CONDITIONS
 THE FOLLOWING WEATHER WAS RECORDED YESTERDAY.
  LIGHT RAIN
  FOG


RELATIVE HUMIDITY (PERCENT)
 HIGHEST    93           900 AM
 LOWEST     24           300 PM
 AVERAGE    59

..........................................................


THE ISLIP NY CLIMATE NORMALS FOR TODAY
                         NORMAL    RECORD    YEAR
 MAXIMUM TEMPERATURE (F)   58        78      2002
 MINIMUM TEMPERATURE (F)   41        29      1992


SUNRISE AND SUNSET
APRIL 15 2015.........SUNRISE   614 AM EDT   SUNSET   732 PM EDT
APRIL 16 2015.........SUNRISE   613 AM EDT   SUNSET   733 PM EDT


-  INDICATES NEGATIVE NUMBERS.
R  INDICATES RECORD WAS SET OR TIED.
MM INDICATES DATA IS MISSING.
T  INDICATES TRACE AMOUNT.




$$
