000
CDUS41 KOKX 082032
CLIISP


CLIMATE REPORT
NATIONAL WEATHER SERVICE NEW YORK NY
432 PM EDT WED APR 8 2015


...................................

...THE ISLIP NY CLIMATE SUMMARY FOR APRIL 8 2015...
VALID TODAY AS OF 0400 PM LOCAL TIME.

CLIMATE NORMAL PERIOD 1981 TO 2010
CLIMATE RECORD PERIOD 1986 TO 2015


WEATHER ITEM   OBSERVED TIME   RECORD YEAR NORMAL DEPARTURE LAST
                VALUE   (LST)  VALUE       VALUE  FROM      YEAR
                                                  NORMAL
..................................................................
TEMPERATURE (F)
 TODAY
  MAXIMUM         46    259 PM  84    1991  55     -9       65
  MINIMUM         40    649 AM  26    2007  38      2       47
  AVERAGE         43                        47     -4       56

PRECIPITATION (IN)
  TODAY            0.01          0.75 2006   0.15  -0.14     0.56
  MONTH TO DATE    0.21                      1.19  -0.98     1.10
  SINCE MAR 1      5.28                      5.63  -0.35     7.00
  SINCE JAN 1     13.22                     12.53   0.69    15.34

SNOWFALL (IN)
  TODAY            0.0           1.1  1996   0.0    0.0      0.0
  MONTH TO DATE    0.0                       0.3   -0.3      0.0
  SINCE OCT 1     63.7                      24.5   39.2     63.5
  SINCE JUL 1     63.7                      24.5   39.2     63.5
  SNOW DEPTH       0

DEGREE DAYS
 HEATING
  TODAY           22                        18      4        9
  MONTH TO DATE  162                       156      6      148
  SINCE MAR 1   1078                       953    125     1045
  SINCE JUL 1   5098                      4848    250     4998

 COOLING
  TODAY            0                         0      0        0
  MONTH TO DATE    0                         0      0        0
  SINCE MAR 1      0                         0      0        0
  SINCE JAN 1      0                         0      0        0
..................................................................


WIND (MPH)
  HIGHEST WIND SPEED    23   HIGHEST WIND DIRECTION     E (90)
  HIGHEST GUST SPEED    30   HIGHEST GUST DIRECTION     E (90)
  AVERAGE WIND SPEED    14.0


SKY COVER
  AVERAGE SKY COVER 1.0


WEATHER CONDITIONS
 THE FOLLOWING WEATHER WAS RECORDED TODAY.
  LIGHT RAIN


RELATIVE HUMIDITY (PERCENT)
 HIGHEST    92           200 AM
 LOWEST     41           100 PM
 AVERAGE    67

..........................................................


THE ISLIP NY CLIMATE NORMALS FOR TOMORROW
                         NORMAL    RECORD    YEAR
 MAXIMUM TEMPERATURE (F)   55        82      2013
 MINIMUM TEMPERATURE (F)   39        28      2007
                                             1997
                                             1990


SUNRISE AND SUNSET
APRIL  8 2015.........SUNRISE   625 AM EDT   SUNSET   724 PM EDT
APRIL  9 2015.........SUNRISE   623 AM EDT   SUNSET   725 PM EDT


-  INDICATES NEGATIVE NUMBERS.
R  INDICATES RECORD WAS SET OR TIED.
MM INDICATES DATA IS MISSING.
T  INDICATES TRACE AMOUNT.




$$
