000
CDUS41 KOKX 072034
CLIISP


CLIMATE REPORT
NATIONAL WEATHER SERVICE NEW YORK NY
433 PM EDT TUE APR 7 2015


...................................

...THE ISLIP NY CLIMATE SUMMARY FOR APRIL 7 2015...
VALID TODAY AS OF 0400 PM LOCAL TIME.

CLIMATE NORMAL PERIOD 1981 TO 2010
CLIMATE RECORD PERIOD 1986 TO 2015


WEATHER ITEM   OBSERVED TIME   RECORD YEAR NORMAL DEPARTURE LAST
                VALUE   (LST)  VALUE       VALUE  FROM      YEAR
                                                  NORMAL
..................................................................
TEMPERATURE (F)
 TODAY
  MAXIMUM         52   1222 AM  85    2010  55     -3       50
  MINIMUM         48    407 AM  24    2007  38     10       34
  AVERAGE         50                        46      4       42

PRECIPITATION (IN)
  TODAY            0.05          0.55 1989   0.15  -0.10     0.46
  MONTH TO DATE    0.14                      1.04  -0.90     0.54
  SINCE MAR 1      5.21                      5.48  -0.27     6.44
  SINCE JAN 1     13.15                     12.38   0.77    14.78

SNOWFALL (IN)
  TODAY            0.0           3.0  1990   0.1   -0.1      0.0
  MONTH TO DATE    0.0                       0.3   -0.3      0.0
  SINCE OCT 1     63.7                      24.5   39.2     63.5
  SINCE JUL 1     63.7                      24.5   39.2     63.5
  SNOW DEPTH       0

DEGREE DAYS
 HEATING
  TODAY           15                        19     -4       23
  MONTH TO DATE  136                       138     -2      139
  SINCE MAR 1   1052                       935    117     1036
  SINCE JUL 1   5072                      4830    242     4989

 COOLING
  TODAY            0                         0      0        0
  MONTH TO DATE    0                         0      0        0
  SINCE MAR 1      0                         0      0        0
  SINCE JAN 1      0                         0      0        0
..................................................................


WIND (MPH)
  HIGHEST WIND SPEED    17   HIGHEST WIND DIRECTION    NE (40)
  HIGHEST GUST SPEED    22   HIGHEST GUST DIRECTION    SW (220)
  AVERAGE WIND SPEED     8.7


SKY COVER
  AVERAGE SKY COVER 0.8


WEATHER CONDITIONS
 THE FOLLOWING WEATHER WAS RECORDED TODAY.
  LIGHT RAIN
  FOG


RELATIVE HUMIDITY (PERCENT)
 HIGHEST    86           500 AM
 LOWEST     71          1200 AM
 AVERAGE    79

..........................................................


THE ISLIP NY CLIMATE NORMALS FOR TOMORROW
                         NORMAL    RECORD    YEAR
 MAXIMUM TEMPERATURE (F)   55        84      1991
 MINIMUM TEMPERATURE (F)   38        26      2007


SUNRISE AND SUNSET
APRIL  7 2015.........SUNRISE   627 AM EDT   SUNSET   723 PM EDT
APRIL  8 2015.........SUNRISE   625 AM EDT   SUNSET   724 PM EDT


-  INDICATES NEGATIVE NUMBERS.
R  INDICATES RECORD WAS SET OR TIED.
MM INDICATES DATA IS MISSING.
T  INDICATES TRACE AMOUNT.




$$
