000
CDUS41 KOKX 240625
CLIISP


CLIMATE REPORT
NATIONAL WEATHER SERVICE NEW YORK NY
225 AM EDT FRI APR 24 2015


...................................

...THE ISLIP NY CLIMATE SUMMARY FOR APRIL 23 2015...

CLIMATE NORMAL PERIOD 1981 TO 2010
CLIMATE RECORD PERIOD 1986 TO 2015


WEATHER ITEM   OBSERVED TIME   RECORD YEAR NORMAL DEPARTURE LAST
                VALUE   (LST)  VALUE       VALUE  FROM      YEAR
                                                  NORMAL
..................................................................
TEMPERATURE (F)
 YESTERDAY
  MAXIMUM         51    324 PM  76    1990  60     -9       61
  MINIMUM         39    524 AM  31    1989  43     -4       47
  AVERAGE         45                        52     -7       54

PRECIPITATION (IN)
  YESTERDAY        0.00          4.63 2006   0.14  -0.14      T
  MONTH TO DATE    1.66                      3.38  -1.72     2.10
  SINCE MAR 1      6.73                      7.82  -1.09     8.00
  SINCE JAN 1     14.67                     14.72  -0.05    16.34

SNOWFALL (IN)
  YESTERDAY        0.0          MM      MM   0.0    0.0      0.0
  MONTH TO DATE    0.0                       0.6   -0.6      0.2
  SINCE OCT 1     63.7                      24.8   38.9     63.7
  SINCE JUL 1     63.7                      24.8   38.9     63.7
  SNOW DEPTH       0

DEGREE DAYS
 HEATING
  YESTERDAY       20                        14      6       11
  MONTH TO DATE  370                       392    -22      379
  SINCE MAR 1   1286                      1189     97     1276
  SINCE JUL 1   5306                      5084    222     5229

 COOLING
  YESTERDAY        0                         0      0        0
  MONTH TO DATE    0                         0      0        0
  SINCE MAR 1      0                         0      0        0
  SINCE JAN 1      0                         0      0        0
..................................................................


WIND (MPH)
  HIGHEST WIND SPEED    26   HIGHEST WIND DIRECTION     W (280)
  HIGHEST GUST SPEED    35   HIGHEST GUST DIRECTION     W (280)
  AVERAGE WIND SPEED    15.0


SKY COVER
  AVERAGE SKY COVER 0.5


WEATHER CONDITIONS
 THE FOLLOWING WEATHER WAS RECORDED YESTERDAY.
  NO SIGNIFICANT WEATHER WAS OBSERVED.


RELATIVE HUMIDITY (PERCENT)
 HIGHEST    65           300 AM
 LOWEST     36          1100 AM
 AVERAGE    51

..........................................................


THE ISLIP NY CLIMATE NORMALS FOR TODAY
                         NORMAL    RECORD    YEAR
 MAXIMUM TEMPERATURE (F)   61        77      2008
 MINIMUM TEMPERATURE (F)   43        32      2002


SUNRISE AND SUNSET
APRIL 24 2015.........SUNRISE   601 AM EDT   SUNSET   741 PM EDT
APRIL 25 2015.........SUNRISE   559 AM EDT   SUNSET   742 PM EDT


-  INDICATES NEGATIVE NUMBERS.
R  INDICATES RECORD WAS SET OR TIED.
MM INDICATES DATA IS MISSING.
T  INDICATES TRACE AMOUNT.




$$
