000
CDUS41 KOKX 070623
CLIJFK


CLIMATE REPORT
NATIONAL WEATHER SERVICE NEW YORK NY
223 AM EDT THU MAY 7 2015


...................................

...THE KENNEDY NY CLIMATE SUMMARY FOR MAY 6 2015...

CLIMATE NORMAL PERIOD 1981 TO 2010
CLIMATE RECORD PERIOD 1949 TO 2015


WEATHER ITEM   OBSERVED TIME   RECORD YEAR NORMAL DEPARTURE LAST
                VALUE   (LST)  VALUE       VALUE  FROM      YEAR
                                                  NORMAL
..................................................................
TEMPERATURE (F)
 YESTERDAY
  MAXIMUM         70   1243 PM  88    1986  66      4       69
  MINIMUM         54    947 PM  37    1992  50      4       50
  AVERAGE         62                        58      4       60

PRECIPITATION (IN)
  YESTERDAY        T             1.71 1991   0.12  -0.12     0.00
  MONTH TO DATE    T                         0.69  -0.69     0.25
  SINCE MAR 1      6.49                      8.34  -1.85    11.49
  SINCE JAN 1     14.15                     14.09   0.06    19.09

SNOWFALL (IN)
  YESTERDAY        0.0          MM      MM   0.0    0.0      0.0
  MONTH TO DATE    0.0                       0.0    0.0      0.0
  SINCE OCT 1     44.2                      23.8   20.4     45.6
  SINCE JUL 1     44.2                      23.8   20.4     45.6
  SNOW DEPTH       0

DEGREE DAYS
 HEATING
  YESTERDAY        3                         8     -5        5
  MONTH TO DATE   40                        51    -11       29
  SINCE MAR 1   1242                      1191     51     1321
  SINCE JUL 1   4934                      4702    232     5028

 COOLING
  YESTERDAY        0                         0      0        0
  MONTH TO DATE    4                         0      4        0
  SINCE MAR 1      4                         3      1        0
  SINCE JAN 1      4                         3      1        0
..................................................................


WIND (MPH)
  HIGHEST WIND SPEED    17   HIGHEST WIND DIRECTION    NE (40)
  HIGHEST GUST SPEED    22   HIGHEST GUST DIRECTION    NE (40)
  AVERAGE WIND SPEED     7.5


SKY COVER
  POSSIBLE SUNSHINE  MM
  AVERAGE SKY COVER 0.8


WEATHER CONDITIONS
 THE FOLLOWING WEATHER WAS RECORDED YESTERDAY.
  LIGHT RAIN


RELATIVE HUMIDITY (PERCENT)
 HIGHEST    72          1000 PM
 LOWEST     32           500 AM
 AVERAGE    52

..........................................................


THE KENNEDY NY CLIMATE NORMALS FOR TODAY
                         NORMAL    RECORD    YEAR
 MAXIMUM TEMPERATURE (F)   66        87      2000
 MINIMUM TEMPERATURE (F)   50        38      1970


SUNRISE AND SUNSET
MAY  7 2015...........SUNRISE   547 AM EDT   SUNSET   757 PM EDT
MAY  8 2015...........SUNRISE   546 AM EDT   SUNSET   758 PM EDT


-  INDICATES NEGATIVE NUMBERS.
R  INDICATES RECORD WAS SET OR TIED.
MM INDICATES DATA IS MISSING.
T  INDICATES TRACE AMOUNT.




$$
