000
CDUS41 KOKX 012041
CLIJFK


CLIMATE REPORT
NATIONAL WEATHER SERVICE NEW YORK NY
440 PM EDT FRI MAY 1 2015


...................................

...THE KENNEDY NY CLIMATE SUMMARY FOR MAY 1 2015...
VALID TODAY AS OF 0400 PM LOCAL TIME.

CLIMATE NORMAL PERIOD 1981 TO 2010
CLIMATE RECORD PERIOD 1949 TO 2015


WEATHER ITEM   OBSERVED TIME   RECORD YEAR NORMAL DEPARTURE LAST
                VALUE   (LST)  VALUE       VALUE  FROM      YEAR
                                                  NORMAL
..................................................................
TEMPERATURE (F)
 TODAY
  MAXIMUM         56    137 PM  81    2001  64     -8       71
  MINIMUM         48    453 AM  38    2008  48      0       53
  AVERAGE         52                        56     -4       62

PRECIPITATION (IN)
  TODAY            0.00          0.94 2012   0.11  -0.11     0.24
  MONTH TO DATE    0.00                      0.11  -0.11     0.24
  SINCE MAR 1      6.49                      7.76  -1.27    11.48
  SINCE JAN 1     14.15                     13.51   0.64    19.08

SNOWFALL (IN)
  TODAY            0.0          MM      MM   0.0    0.0      0.0
  MONTH TO DATE    0.0                       0.0    0.0      0.0
  SINCE OCT 1     44.2                      23.8   20.4     45.6
  SINCE JUL 1     44.2                      23.8   20.4     45.6
  SNOW DEPTH       0

DEGREE DAYS
 HEATING
  TODAY           13                         9      4        3
  MONTH TO DATE   13                         9      4        3
  SINCE MAR 1   1215                      1149     66     1295
  SINCE JUL 1   4907                      4660    247     5002

 COOLING
  TODAY            0                         0      0        0
  MONTH TO DATE    0                         0      0        0
  SINCE MAR 1      0                         3     -3        0
  SINCE JAN 1      0                         3     -3        0
..................................................................


WIND (MPH)
  HIGHEST WIND SPEED    17   HIGHEST WIND DIRECTION    SE (130)
  HIGHEST GUST SPEED    20   HIGHEST GUST DIRECTION     S (160)
  AVERAGE WIND SPEED     9.6


SKY COVER
  AVERAGE SKY COVER 0.8


WEATHER CONDITIONS
 THE FOLLOWING WEATHER WAS RECORDED TODAY.
  NO SIGNIFICANT WEATHER WAS OBSERVED.


RELATIVE HUMIDITY (PERCENT)
 HIGHEST    66           100 AM
 LOWEST     55           900 AM
 AVERAGE    61

..........................................................


THE KENNEDY NY CLIMATE NORMALS FOR TOMORROW
                         NORMAL    RECORD    YEAR
 MAXIMUM TEMPERATURE (F)   64        82      1992
 MINIMUM TEMPERATURE (F)   49        39      1964


SUNRISE AND SUNSET
MAY  1 2015...........SUNRISE   554 AM EDT   SUNSET   751 PM EDT
MAY  2 2015...........SUNRISE   553 AM EDT   SUNSET   752 PM EDT


-  INDICATES NEGATIVE NUMBERS.
R  INDICATES RECORD WAS SET OR TIED.
MM INDICATES DATA IS MISSING.
T  INDICATES TRACE AMOUNT.




$$
