000
CDUS41 KOKX 152034
CLIJFK


CLIMATE REPORT
NATIONAL WEATHER SERVICE NEW YORK NY
434 PM EDT WED APR 15 2015


...................................

...THE KENNEDY NY CLIMATE SUMMARY FOR APRIL 15 2015...
VALID TODAY AS OF 0400 PM LOCAL TIME.

CLIMATE NORMAL PERIOD 1981 TO 2010
CLIMATE RECORD PERIOD 1949 TO 2015


WEATHER ITEM   OBSERVED TIME   RECORD YEAR NORMAL DEPARTURE LAST
                VALUE   (LST)  VALUE       VALUE  FROM      YEAR
                                                  NORMAL
..................................................................
TEMPERATURE (F)
 TODAY
  MAXIMUM         71    259 PM  80    2006  59     12       56
                                      2002
                                      1960
  MINIMUM         50    226 AM  33    1962  43      7       34
                                      1950
  AVERAGE         61                        51     10       45

PRECIPITATION (IN)
  TODAY            0.00          2.60 2007   0.13  -0.13     0.65
  MONTH TO DATE    0.38                      2.02  -1.64     1.46
  SINCE MAR 1      5.26                      5.80  -0.54     5.72
  SINCE JAN 1     12.92                     11.55   1.37    13.32

SNOWFALL (IN)
  TODAY            0.0           T    2014   0.0    0.0      0.1
  MONTH TO DATE    0.0                       0.6   -0.6      0.1
  SINCE OCT 1     44.2                      23.6   20.6     45.6
  SINCE JUL 1     44.2                      23.6   20.6     45.6
  SNOW DEPTH       0

DEGREE DAYS
 HEATING
  TODAY            4                        14    -10       20
  MONTH TO DATE  220                       245    -25      217
  SINCE MAR 1   1057                       970     87     1067
  SINCE JUL 1   4749                      4481    268     4774

 COOLING
  TODAY            0                         0      0        0
  MONTH TO DATE    0                         0      0        0
  SINCE MAR 1      0                         0      0        0
  SINCE JAN 1      0                         0      0        0
..................................................................


WIND (MPH)
  HIGHEST WIND SPEED    26   HIGHEST WIND DIRECTION     N (350)
  HIGHEST GUST SPEED    35   HIGHEST GUST DIRECTION     N (350)
  AVERAGE WIND SPEED    12.9


SKY COVER
  AVERAGE SKY COVER 0.7


WEATHER CONDITIONS
 THE FOLLOWING WEATHER WAS RECORDED TODAY.
  NO SIGNIFICANT WEATHER WAS OBSERVED.


RELATIVE HUMIDITY (PERCENT)
 HIGHEST    59          1200 AM
 LOWEST     11           100 PM
 AVERAGE    35

..........................................................


THE KENNEDY NY CLIMATE NORMALS FOR TOMORROW
                         NORMAL    RECORD    YEAR
 MAXIMUM TEMPERATURE (F)   59        86      2003
                                             2002
 MINIMUM TEMPERATURE (F)   44        32      2014


SUNRISE AND SUNSET
APRIL 15 2015.........SUNRISE   617 AM EDT   SUNSET   734 PM EDT
APRIL 16 2015.........SUNRISE   615 AM EDT   SUNSET   735 PM EDT


-  INDICATES NEGATIVE NUMBERS.
R  INDICATES RECORD WAS SET OR TIED.
MM INDICATES DATA IS MISSING.
T  INDICATES TRACE AMOUNT.




$$
