000
CDUS41 KOKX 290621
CLIJFK


CLIMATE REPORT
NATIONAL WEATHER SERVICE NEW YORK NY
221 AM EDT WED APR 29 2015


...................................

...THE KENNEDY NY CLIMATE SUMMARY FOR APRIL 28 2015...

CLIMATE NORMAL PERIOD 1981 TO 2010
CLIMATE RECORD PERIOD 1949 TO 2015


WEATHER ITEM   OBSERVED TIME   RECORD YEAR NORMAL DEPARTURE LAST
                VALUE   (LST)  VALUE       VALUE  FROM      YEAR
                                                  NORMAL
..................................................................
TEMPERATURE (F)
 YESTERDAY
  MAXIMUM         71    352 PM  85    2009  63      8       66
  MINIMUM         51    803 PM  37    1966  47      4       45
  AVERAGE         61                        55      6       56

PRECIPITATION (IN)
  YESTERDAY        0.00          2.71 1980   0.13  -0.13     0.00
  MONTH TO DATE    1.61                      3.64  -2.03     2.25
  SINCE MAR 1      6.49                      7.42  -0.93     6.51
  SINCE JAN 1     14.15                     13.17   0.98    14.11

SNOWFALL (IN)
  YESTERDAY        0.0          MM      MM   0.0    0.0      0.0
  MONTH TO DATE    0.0                       0.8   -0.8      0.1
  SINCE OCT 1     44.2                      23.8   20.4     45.6
  SINCE JUL 1     44.2                      23.8   20.4     45.6
  SNOW DEPTH       0

DEGREE DAYS
 HEATING
  YESTERDAY        4                        10     -6        9
  MONTH TO DATE  355                       397    -42      409
  SINCE MAR 1   1192                      1122     70     1259
  SINCE JUL 1   4884                      4633    251     4966

 COOLING
  YESTERDAY        0                         0      0        0
  MONTH TO DATE    0                         0      0        0
  SINCE MAR 1      0                         0      0        0
  SINCE JAN 1      0                         0      0        0
..................................................................


WIND (MPH)
  HIGHEST WIND SPEED    24   HIGHEST WIND DIRECTION     N (340)
  HIGHEST GUST SPEED    31   HIGHEST GUST DIRECTION     N (360)
  AVERAGE WIND SPEED    13.7


SKY COVER
  POSSIBLE SUNSHINE  MM
  AVERAGE SKY COVER 0.4


WEATHER CONDITIONS
 THE FOLLOWING WEATHER WAS RECORDED YESTERDAY.
  NO SIGNIFICANT WEATHER WAS OBSERVED.


RELATIVE HUMIDITY (PERCENT)
 HIGHEST    66           800 PM
 LOWEST     20           400 PM
 AVERAGE    43

..........................................................


THE KENNEDY NY CLIMATE NORMALS FOR TODAY
                         NORMAL    RECORD    YEAR
 MAXIMUM TEMPERATURE (F)   63        82      1974
 MINIMUM TEMPERATURE (F)   48        36      1966


SUNRISE AND SUNSET
APRIL 29 2015.........SUNRISE   557 AM EDT   SUNSET   749 PM EDT
APRIL 30 2015.........SUNRISE   556 AM EDT   SUNSET   750 PM EDT


-  INDICATES NEGATIVE NUMBERS.
R  INDICATES RECORD WAS SET OR TIED.
MM INDICATES DATA IS MISSING.
T  INDICATES TRACE AMOUNT.




$$
