000
CDUS41 KOKX 202059
CLIJFK


CLIMATE REPORT
NATIONAL WEATHER SERVICE NEW YORK NY
459 PM EDT MON APR 20 2015


...................................

...THE KENNEDY NY CLIMATE SUMMARY FOR APRIL 20 2015...
VALID TODAY AS OF 0400 PM LOCAL TIME.

CLIMATE NORMAL PERIOD 1981 TO 2010
CLIMATE RECORD PERIOD 1949 TO 2015


WEATHER ITEM   OBSERVED TIME   RECORD YEAR NORMAL DEPARTURE LAST
                VALUE   (LST)  VALUE       VALUE  FROM      YEAR
                                                  NORMAL
..................................................................
TEMPERATURE (F)
 TODAY
  MAXIMUM         58   1206 PM  80    2005  61     -3       54
                                      1976
  MINIMUM         47    134 AM  36    1961  45      2       42
  AVERAGE         53                        53      0       48

PRECIPITATION (IN)
  TODAY            0.51          1.22 2009   0.12   0.39     0.00
  MONTH TO DATE    1.00                      2.65  -1.65     1.54
  SINCE MAR 1      5.88                      6.43  -0.55     5.80
  SINCE JAN 1     13.54                     12.18   1.36    13.40

SNOWFALL (IN)
  TODAY            0.0          MM      MM   0.0    0.0      0.0
  MONTH TO DATE    0.0                       0.7   -0.7      0.1
  SINCE OCT 1     44.2                      23.7   20.5     45.6
  SINCE JUL 1     44.2                      23.7   20.5     45.6
  SNOW DEPTH       0

DEGREE DAYS
 HEATING
  TODAY           12                        12      0       17
  MONTH TO DATE  260                       310    -50      317
  SINCE MAR 1   1097                      1035     62     1167
  SINCE JUL 1   4789                      4546    243     4874

 COOLING
  TODAY            0                         0      0        0
  MONTH TO DATE    0                         0      0        0
  SINCE MAR 1      0                         0      0        0
  SINCE JAN 1      0                         0      0        0
..................................................................


WIND (MPH)
  HIGHEST WIND SPEED    37   HIGHEST WIND DIRECTION     E (100)
  HIGHEST GUST SPEED    48   HIGHEST GUST DIRECTION     E (100)
  AVERAGE WIND SPEED    20.6


SKY COVER
  AVERAGE SKY COVER 1.0


WEATHER CONDITIONS
 THE FOLLOWING WEATHER WAS RECORDED TODAY.
  RAIN
  LIGHT RAIN
  FOG
  FOG W/VISIBILITY <= 1/4 MILE


RELATIVE HUMIDITY (PERCENT)
 HIGHEST    93          1100 AM
 LOWEST     76          1200 AM
 AVERAGE    85

..........................................................


THE KENNEDY NY CLIMATE NORMALS FOR TOMORROW
                         NORMAL    RECORD    YEAR
 MAXIMUM TEMPERATURE (F)   61        78      2007
 MINIMUM TEMPERATURE (F)   45        36      1981


SUNRISE AND SUNSET
APRIL 20 2015.........SUNRISE   609 AM EDT   SUNSET   739 PM EDT
APRIL 21 2015.........SUNRISE   608 AM EDT   SUNSET   740 PM EDT


-  INDICATES NEGATIVE NUMBERS.
R  INDICATES RECORD WAS SET OR TIED.
MM INDICATES DATA IS MISSING.
T  INDICATES TRACE AMOUNT.




$$
