000
CDUS41 KOKX 260622
CLIJFK


CLIMATE REPORT
NATIONAL WEATHER SERVICE NEW YORK NY
222 AM EDT THU MAR 26 2015


...................................

...THE KENNEDY NY CLIMATE SUMMARY FOR MARCH 25 2015...

CLIMATE NORMAL PERIOD 1981 TO 2010
CLIMATE RECORD PERIOD 1949 TO 2015


WEATHER ITEM   OBSERVED TIME   RECORD YEAR NORMAL DEPARTURE LAST
                VALUE   (LST)  VALUE       VALUE  FROM      YEAR
                                                  NORMAL
..................................................................
TEMPERATURE (F)
 YESTERDAY
  MAXIMUM         46   1242 PM  62    1963  52     -6       39
  MINIMUM         30    552 AM  23    2014  37     -7       23
                                      1974
                                      1960
  AVERAGE         38                        44     -6       31

PRECIPITATION (IN)
  YESTERDAY        0.12          0.79 1969   0.13  -0.01      T
  MONTH TO DATE    4.37                      2.99   1.38     0.92
  SINCE MAR 1      4.37                      2.99   1.38     0.92
  SINCE JAN 1     12.03                      8.74   3.29     8.52

SNOWFALL (IN)
  YESTERDAY        0.0           T    2014   0.1   -0.1       T
                                      2013
  MONTH TO DATE   13.1                       3.1   10.0      0.6
  SINCE OCT 1     44.2                      22.6   21.6     45.5
  SINCE JUL 1     44.2                      22.6   21.6     45.5
  SNOW DEPTH       0

DEGREE DAYS
 HEATING
  YESTERDAY       27                        21      6       34
  MONTH TO DATE  701                       606     95      707
  SINCE MAR 1    701                       606     95      707
  SINCE JUL 1   4393                      4117    276     4414

 COOLING
  YESTERDAY        0                         0      0        0
  MONTH TO DATE    0                         0      0        0
  SINCE MAR 1      0                         0      0        0
  SINCE JAN 1      0                         0      0        0
..................................................................


WIND (MPH)
  HIGHEST WIND SPEED    17   HIGHEST WIND DIRECTION     S (170)
  HIGHEST GUST SPEED    22   HIGHEST GUST DIRECTION     S (180)
  AVERAGE WIND SPEED     5.6


SKY COVER
  POSSIBLE SUNSHINE  MM
  AVERAGE SKY COVER 0.7


WEATHER CONDITIONS
 THE FOLLOWING WEATHER WAS RECORDED YESTERDAY.
  LIGHT RAIN
  FOG


RELATIVE HUMIDITY (PERCENT)
 HIGHEST    82           900 PM
 LOWEST     31          1000 AM
 AVERAGE    57

..........................................................


THE KENNEDY NY CLIMATE NORMALS FOR TODAY
                         NORMAL    RECORD    YEAR
 MAXIMUM TEMPERATURE (F)   52        65      2000
                                             1987
                                             1976
 MINIMUM TEMPERATURE (F)   37         4      1960


SUNRISE AND SUNSET
MARCH 26 2015.........SUNRISE   649 AM EDT   SUNSET   713 PM EDT
MARCH 27 2015.........SUNRISE   647 AM EDT   SUNSET   714 PM EDT


-  INDICATES NEGATIVE NUMBERS.
R  INDICATES RECORD WAS SET OR TIED.
MM INDICATES DATA IS MISSING.
T  INDICATES TRACE AMOUNT.




$$
