000
CDUS41 KOKX 010650
CLIJFK


CLIMATE REPORT
NATIONAL WEATHER SERVICE NEW YORK NY
250 AM EDT WED APR 1 2015


...................................

...THE KENNEDY NY CLIMATE SUMMARY FOR MARCH 31 2015...

CLIMATE NORMAL PERIOD 1981 TO 2010
CLIMATE RECORD PERIOD 1949 TO 2015


WEATHER ITEM   OBSERVED TIME   RECORD YEAR NORMAL DEPARTURE LAST
                VALUE   (LST)  VALUE       VALUE  FROM      YEAR
                                                  NORMAL
..................................................................
TEMPERATURE (F)
 YESTERDAY
  MAXIMUM         48   1022 AM  74    1986  54     -6       56
                                      1981
  MINIMUM         37   1159 PM  21    1964  39     -2       34
  AVERAGE         43                        46     -3       45

PRECIPITATION (IN)
  YESTERDAY        0.03          1.71 1997   0.13  -0.10     0.21
  MONTH TO DATE    4.88                      3.78   1.10     4.26
  SINCE MAR 1      4.88                      3.78   1.10     4.26
  SINCE JAN 1     12.54                      9.53   3.01    11.86

SNOWFALL (IN)
  YESTERDAY        0.0           0.8  1970   0.1   -0.1       T
  MONTH TO DATE   13.1                       3.5    9.6      0.6
  SINCE OCT 1     44.2                      23.0   21.2     45.5
  SINCE JUL 1     44.2                      23.0   21.2     45.5
  SNOW DEPTH       0

DEGREE DAYS
 HEATING
  YESTERDAY       22                        19      3       20
  MONTH TO DATE  837                       724    113      850
  SINCE MAR 1    837                       725    112      850
  SINCE JUL 1   4529                      4236    293     4557

 COOLING
  YESTERDAY        0                         0      0        0
  MONTH TO DATE    0                         0      0        0
  SINCE MAR 1      0                         0      0        0
  SINCE JAN 1      0                         0      0        0
..................................................................


WIND (MPH)
  HIGHEST WIND SPEED    20   HIGHEST WIND DIRECTION    NW (300)
  HIGHEST GUST SPEED    25   HIGHEST GUST DIRECTION     W (290)
  AVERAGE WIND SPEED    11.9


SKY COVER
  POSSIBLE SUNSHINE  MM
  AVERAGE SKY COVER 0.8


WEATHER CONDITIONS
 THE FOLLOWING WEATHER WAS RECORDED YESTERDAY.
  LIGHT RAIN


RELATIVE HUMIDITY (PERCENT)
 HIGHEST    85          1000 PM
 LOWEST     37           900 AM
 AVERAGE    61

..........................................................


THE KENNEDY NY CLIMATE NORMALS FOR TODAY
                         NORMAL    RECORD    YEAR
 MAXIMUM TEMPERATURE (F)   54        75      1978
 MINIMUM TEMPERATURE (F)   39        26      1969
                                             1964


SUNRISE AND SUNSET
APRIL  1 2015.........SUNRISE   639 AM EDT   SUNSET   720 PM EDT
APRIL  2 2015.........SUNRISE   638 AM EDT   SUNSET   721 PM EDT


-  INDICATES NEGATIVE NUMBERS.
R  INDICATES RECORD WAS SET OR TIED.
MM INDICATES DATA IS MISSING.
T  INDICATES TRACE AMOUNT.




$$
