000
CDUS41 KOKX 120620
CLIJFK


CLIMATE REPORT
NATIONAL WEATHER SERVICE NEW YORK NY
220 AM EDT SUN APR 12 2015


...................................

...THE KENNEDY NY CLIMATE SUMMARY FOR APRIL 11 2015...

CLIMATE NORMAL PERIOD 1981 TO 2010
CLIMATE RECORD PERIOD 1949 TO 2015


WEATHER ITEM   OBSERVED TIME   RECORD YEAR NORMAL DEPARTURE LAST
                VALUE   (LST)  VALUE       VALUE  FROM      YEAR
                                                  NORMAL
..................................................................
TEMPERATURE (F)
 YESTERDAY
  MAXIMUM         61   1205 PM  73    2010  58      3       69
  MINIMUM         45   1159 PM  32    2007  42      3       47
                                      1976
                                      1967
  AVERAGE         53                        50      3       58

PRECIPITATION (IN)
  YESTERDAY        0.00          0.83 2009   0.14  -0.14      T
  MONTH TO DATE    0.34                      1.49  -1.15     0.81
  SINCE MAR 1      5.22                      5.27  -0.05     5.07
  SINCE JAN 1     12.88                     11.02   1.86    12.67

SNOWFALL (IN)
  YESTERDAY        0.0          MM      MM   0.1   -0.1      0.0
  MONTH TO DATE    0.0                       0.5   -0.5      0.0
  SINCE OCT 1     44.2                      23.5   20.7     45.5
  SINCE JUL 1     44.2                      23.5   20.7     45.5
  SNOW DEPTH       0

DEGREE DAYS
 HEATING
  YESTERDAY       12                        15     -3        7
  MONTH TO DATE  184                       187     -3      176
  SINCE MAR 1   1021                       912    109     1026
  SINCE JUL 1   4713                      4423    290     4733

 COOLING
  YESTERDAY        0                         0      0        0
  MONTH TO DATE    0                         0      0        0
  SINCE MAR 1      0                         0      0        0
  SINCE JAN 1      0                         0      0        0
..................................................................


WIND (MPH)
  HIGHEST WIND SPEED    26   HIGHEST WIND DIRECTION    NW (320)
  HIGHEST GUST SPEED    36   HIGHEST GUST DIRECTION    NW (310)
  AVERAGE WIND SPEED    16.7


SKY COVER
  POSSIBLE SUNSHINE  MM
  AVERAGE SKY COVER 0.5


WEATHER CONDITIONS
 THE FOLLOWING WEATHER WAS RECORDED YESTERDAY.
  NO SIGNIFICANT WEATHER WAS OBSERVED.


RELATIVE HUMIDITY (PERCENT)
 HIGHEST    67          1200 AM
 LOWEST     27           200 PM
 AVERAGE    47

..........................................................


THE KENNEDY NY CLIMATE NORMALS FOR TODAY
                         NORMAL    RECORD    YEAR
 MAXIMUM TEMPERATURE (F)   58        90      1977
 MINIMUM TEMPERATURE (F)   42        28      1976


SUNRISE AND SUNSET
APRIL 12 2015.........SUNRISE   622 AM EDT   SUNSET   731 PM EDT
APRIL 13 2015.........SUNRISE   620 AM EDT   SUNSET   732 PM EDT


-  INDICATES NEGATIVE NUMBERS.
R  INDICATES RECORD WAS SET OR TIED.
MM INDICATES DATA IS MISSING.
T  INDICATES TRACE AMOUNT.




$$
