000
CDUS41 KOKX 170623
CLIJFK


CLIMATE REPORT
NATIONAL WEATHER SERVICE NEW YORK NY
222 AM EDT FRI APR 17 2015


...................................

...THE KENNEDY NY CLIMATE SUMMARY FOR APRIL 16 2015...

CLIMATE NORMAL PERIOD 1981 TO 2010
CLIMATE RECORD PERIOD 1949 TO 2015


WEATHER ITEM   OBSERVED TIME   RECORD YEAR NORMAL DEPARTURE LAST
                VALUE   (LST)  VALUE       VALUE  FROM      YEAR
                                                  NORMAL
..................................................................
TEMPERATURE (F)
 YESTERDAY
  MAXIMUM         60   1216 PM  86    2003  59      1       49
                                      2002
  MINIMUM         48    534 AM  32    2014  44      4       32
  AVERAGE         54                        52      2       41

PRECIPITATION (IN)
  YESTERDAY        0.00          2.30 1983   0.13  -0.13     0.08
  MONTH TO DATE    0.38                      2.15  -1.77     1.54
  SINCE MAR 1      5.26                      5.93  -0.67     5.80
  SINCE JAN 1     12.92                     11.68   1.24    13.40

SNOWFALL (IN)
  YESTERDAY        0.0          MM      MM   0.0    0.0       T
  MONTH TO DATE    0.0                       0.6   -0.6      0.1
  SINCE OCT 1     44.2                      23.6   20.6     45.6
  SINCE JUL 1     44.2                      23.6   20.6     45.6
  SNOW DEPTH       0

DEGREE DAYS
 HEATING
  YESTERDAY       11                        14     -3       24
  MONTH TO DATE  231                       259    -28      241
  SINCE MAR 1   1068                       984     84     1091
  SINCE JUL 1   4760                      4495    265     4798

 COOLING
  YESTERDAY        0                         0      0        0
  MONTH TO DATE    0                         0      0        0
  SINCE MAR 1      0                         0      0        0
  SINCE JAN 1      0                         0      0        0
..................................................................


WIND (MPH)
  HIGHEST WIND SPEED    20   HIGHEST WIND DIRECTION    SE (120)
  HIGHEST GUST SPEED    24   HIGHEST GUST DIRECTION     E (100)
  AVERAGE WIND SPEED    10.9


SKY COVER
  POSSIBLE SUNSHINE  MM
  AVERAGE SKY COVER 0.8


WEATHER CONDITIONS
 THE FOLLOWING WEATHER WAS RECORDED YESTERDAY.
  NO SIGNIFICANT WEATHER WAS OBSERVED.


RELATIVE HUMIDITY (PERCENT)
 HIGHEST    80          1000 PM
 LOWEST     18           300 PM
 AVERAGE    49

..........................................................


THE KENNEDY NY CLIMATE NORMALS FOR TODAY
                         NORMAL    RECORD    YEAR
 MAXIMUM TEMPERATURE (F)   60        90      2002
 MINIMUM TEMPERATURE (F)   44        33      1980
                                             1962


SUNRISE AND SUNSET
APRIL 17 2015.........SUNRISE   614 AM EDT   SUNSET   736 PM EDT
APRIL 18 2015.........SUNRISE   612 AM EDT   SUNSET   737 PM EDT


-  INDICATES NEGATIVE NUMBERS.
R  INDICATES RECORD WAS SET OR TIED.
MM INDICATES DATA IS MISSING.
T  INDICATES TRACE AMOUNT.




$$
