000
CDUS41 KOKX 080620
CLIJFK


CLIMATE REPORT
NATIONAL WEATHER SERVICE NEW YORK NY
220 AM EDT WED APR 8 2015


...................................

...THE KENNEDY NY CLIMATE SUMMARY FOR APRIL 7 2015...

CLIMATE NORMAL PERIOD 1981 TO 2010
CLIMATE RECORD PERIOD 1949 TO 2015


WEATHER ITEM   OBSERVED TIME   RECORD YEAR NORMAL DEPARTURE LAST
                VALUE   (LST)  VALUE       VALUE  FROM      YEAR
                                                  NORMAL
..................................................................
TEMPERATURE (F)
 YESTERDAY
  MAXIMUM         57   1000 AM  87    2010  56      1       51
  MINIMUM         44   1159 PM  20    1982  41      3       37
  AVERAGE         51                        48      3       44

PRECIPITATION (IN)
  YESTERDAY        0.03          0.85 1971   0.13  -0.10     0.35
  MONTH TO DATE    0.14                      0.93  -0.79     0.56
  SINCE MAR 1      5.02                      4.71   0.31     4.82
  SINCE JAN 1     12.68                     10.46   2.22    12.42

SNOWFALL (IN)
  YESTERDAY        0.0           5.4  2003   0.0    0.0      0.0
  MONTH TO DATE    0.0                       0.3   -0.3      0.0
  SINCE OCT 1     44.2                      23.3   20.9     45.5
  SINCE JUL 1     44.2                      23.3   20.9     45.5
  SNOW DEPTH       0

DEGREE DAYS
 HEATING
  YESTERDAY       14                        17     -3       21
  MONTH TO DATE  110                       124    -14      131
  SINCE MAR 1    947                       849     98      981
  SINCE JUL 1   4639                      4360    279     4688

 COOLING
  YESTERDAY        0                         0      0        0
  MONTH TO DATE    0                         0      0        0
  SINCE MAR 1      0                         0      0        0
  SINCE JAN 1      0                         0      0        0
..................................................................


WIND (MPH)
  HIGHEST WIND SPEED    21   HIGHEST WIND DIRECTION    NE (40)
  HIGHEST GUST SPEED    24   HIGHEST GUST DIRECTION    NE (40)
  AVERAGE WIND SPEED     8.4


SKY COVER
  POSSIBLE SUNSHINE  MM
  AVERAGE SKY COVER 1.0


WEATHER CONDITIONS
 THE FOLLOWING WEATHER WAS RECORDED YESTERDAY.
  LIGHT RAIN


RELATIVE HUMIDITY (PERCENT)
 HIGHEST    86           700 PM
 LOWEST     64           200 PM
 AVERAGE    75

..........................................................


THE KENNEDY NY CLIMATE NORMALS FOR TODAY
                         NORMAL    RECORD    YEAR
 MAXIMUM TEMPERATURE (F)   57        82      1959
 MINIMUM TEMPERATURE (F)   41        26      1982


SUNRISE AND SUNSET
APRIL  8 2015.........SUNRISE   628 AM EDT   SUNSET   727 PM EDT
APRIL  9 2015.........SUNRISE   626 AM EDT   SUNSET   728 PM EDT


-  INDICATES NEGATIVE NUMBERS.
R  INDICATES RECORD WAS SET OR TIED.
MM INDICATES DATA IS MISSING.
T  INDICATES TRACE AMOUNT.




$$
