000
CDUS41 KOKX 230708
CLIJFK


CLIMATE REPORT
NATIONAL WEATHER SERVICE NEW YORK NY
308 AM EDT MON MAR 23 2015


...................................

...THE KENNEDY NY CLIMATE SUMMARY FOR MARCH 22 2015...

CLIMATE NORMAL PERIOD 1981 TO 2010
CLIMATE RECORD PERIOD 1949 TO 2015


WEATHER ITEM   OBSERVED TIME   RECORD YEAR NORMAL DEPARTURE LAST
                VALUE   (LST)  VALUE       VALUE  FROM      YEAR
                                                  NORMAL
..................................................................
TEMPERATURE (F)
 YESTERDAY
  MAXIMUM         45   1231 AM  68    1979  51     -6       65
  MINIMUM         28   1159 PM  19    1988  36     -8       35
  AVERAGE         37                        43     -6       50

PRECIPITATION (IN)
  YESTERDAY        0.00          2.40 1977   0.14  -0.14     0.00
  MONTH TO DATE    4.25                      2.60   1.65     0.92
  SINCE MAR 1      4.25                      2.60   1.65     0.92
  SINCE JAN 1     11.91                      8.35   3.56     8.52

SNOWFALL (IN)
  YESTERDAY        0.0           8.1  1967   0.1   -0.1      0.0
  MONTH TO DATE   13.1                       2.9   10.2      0.6
  SINCE OCT 1     44.2                      22.4   21.8     45.5
  SINCE JUL 1     44.2                      22.4   21.8     45.5
  SNOW DEPTH       T

DEGREE DAYS
 HEATING
  YESTERDAY       28                        22      6       15
  MONTH TO DATE  612                       543     69      609
  SINCE MAR 1    612                       543     69      609
  SINCE JUL 1   4304                      4054    250     4316

 COOLING
  YESTERDAY        0                         0      0        0
  MONTH TO DATE    0                         0      0        0
  SINCE MAR 1      0                         0      0        0
  SINCE JAN 1      0                         0      0        0
..................................................................


WIND (MPH)
  HIGHEST WIND SPEED    26   HIGHEST WIND DIRECTION    NW (330)
  HIGHEST GUST SPEED    35   HIGHEST GUST DIRECTION    NW (330)
  AVERAGE WIND SPEED    17.3


SKY COVER
  POSSIBLE SUNSHINE  MM
  AVERAGE SKY COVER 0.3


WEATHER CONDITIONS
 THE FOLLOWING WEATHER WAS RECORDED YESTERDAY.
  NO SIGNIFICANT WEATHER WAS OBSERVED.


RELATIVE HUMIDITY (PERCENT)
 HIGHEST    58          1200 AM
 LOWEST     22           500 PM
 AVERAGE    40

..........................................................


THE KENNEDY NY CLIMATE NORMALS FOR TODAY
                         NORMAL    RECORD    YEAR
 MAXIMUM TEMPERATURE (F)   51        77      2012
 MINIMUM TEMPERATURE (F)   36        20      1959


SUNRISE AND SUNSET
MARCH 23 2015.........SUNRISE   654 AM EDT   SUNSET   710 PM EDT
MARCH 24 2015.........SUNRISE   652 AM EDT   SUNSET   711 PM EDT


-  INDICATES NEGATIVE NUMBERS.
R  INDICATES RECORD WAS SET OR TIED.
MM INDICATES DATA IS MISSING.
T  INDICATES TRACE AMOUNT.




$$
