000
CDUS41 KOKX 082032
CLIJFK


CLIMATE REPORT
NATIONAL WEATHER SERVICE NEW YORK NY
432 PM EDT WED APR 8 2015


...................................

...THE KENNEDY NY CLIMATE SUMMARY FOR APRIL 8 2015...
VALID TODAY AS OF 0400 PM LOCAL TIME.

CLIMATE NORMAL PERIOD 1981 TO 2010
CLIMATE RECORD PERIOD 1949 TO 2015


WEATHER ITEM   OBSERVED TIME   RECORD YEAR NORMAL DEPARTURE LAST
                VALUE   (LST)  VALUE       VALUE  FROM      YEAR
                                                  NORMAL
..................................................................
TEMPERATURE (F)
 TODAY
  MAXIMUM         49    231 PM  82    1959  57     -8       66
  MINIMUM         36   1247 PM  26    1982  41     -5       47
  AVERAGE         43                        49     -6       57

PRECIPITATION (IN)
  TODAY            0.00          0.98 2005   0.14  -0.14     0.25
  MONTH TO DATE    0.14                      1.07  -0.93     0.81
  SINCE MAR 1      5.02                      4.85   0.17     5.07
  SINCE JAN 1     12.68                     10.60   2.08    12.67

SNOWFALL (IN)
  TODAY            0.0           T    2009   0.1   -0.1      0.0
  MONTH TO DATE    0.0                       0.4   -0.4      0.0
  SINCE OCT 1     44.2                      23.4   20.8     45.5
  SINCE JUL 1     44.2                      23.4   20.8     45.5
  SNOW DEPTH       0

DEGREE DAYS
 HEATING
  TODAY           22                        16      6        8
  MONTH TO DATE  132                       140     -8      139
  SINCE MAR 1    969                       865    104      989
  SINCE JUL 1   4661                      4376    285     4696

 COOLING
  TODAY            0                         0      0        0
  MONTH TO DATE    0                         0      0        0
  SINCE MAR 1      0                         0      0        0
  SINCE JAN 1      0                         0      0        0
..................................................................


WIND (MPH)
  HIGHEST WIND SPEED    24   HIGHEST WIND DIRECTION     E (70)
  HIGHEST GUST SPEED    30   HIGHEST GUST DIRECTION    NE (60)
  AVERAGE WIND SPEED    14.9


SKY COVER
  AVERAGE SKY COVER 1.0


WEATHER CONDITIONS
 THE FOLLOWING WEATHER WAS RECORDED TODAY.
  NO SIGNIFICANT WEATHER WAS OBSERVED.


RELATIVE HUMIDITY (PERCENT)
 HIGHEST    83          1200 AM
 LOWEST     29           200 PM
 AVERAGE    56

..........................................................


THE KENNEDY NY CLIMATE NORMALS FOR TOMORROW
                         NORMAL    RECORD    YEAR
 MAXIMUM TEMPERATURE (F)   57        83      2013
 MINIMUM TEMPERATURE (F)   42        26      1977


SUNRISE AND SUNSET
APRIL  8 2015.........SUNRISE   628 AM EDT   SUNSET   727 PM EDT
APRIL  9 2015.........SUNRISE   626 AM EDT   SUNSET   728 PM EDT


-  INDICATES NEGATIVE NUMBERS.
R  INDICATES RECORD WAS SET OR TIED.
MM INDICATES DATA IS MISSING.
T  INDICATES TRACE AMOUNT.




$$
