000
CDUS41 KOKX 230617
CLIJFK


CLIMATE REPORT
NATIONAL WEATHER SERVICE NEW YORK NY
217 AM EDT THU APR 23 2015


...................................

...THE KENNEDY NY CLIMATE SUMMARY FOR APRIL 22 2015...

CLIMATE NORMAL PERIOD 1981 TO 2010
CLIMATE RECORD PERIOD 1949 TO 2015


WEATHER ITEM   OBSERVED TIME   RECORD YEAR NORMAL DEPARTURE LAST
                VALUE   (LST)  VALUE       VALUE  FROM      YEAR
                                                  NORMAL
..................................................................
TEMPERATURE (F)
 YESTERDAY
  MAXIMUM         63    112 PM  82    2001  61      2       62
  MINIMUM         46    258 AM  37    2013  46      0       45
                                      1984
                                      1981
  AVERAGE         55                        53      2       54

PRECIPITATION (IN)
  YESTERDAY        0.19          2.14 2012   0.12   0.07      T
  MONTH TO DATE    1.61                      2.90  -1.29     1.54
  SINCE MAR 1      6.49                      6.68  -0.19     5.80
  SINCE JAN 1     14.15                     12.43   1.72    13.40

SNOWFALL (IN)
  YESTERDAY        0.0          MM      MM   0.0    0.0      0.0
  MONTH TO DATE    0.0                       0.8   -0.8      0.1
  SINCE OCT 1     44.2                      23.8   20.4     45.6
  SINCE JUL 1     44.2                      23.8   20.4     45.6
  SNOW DEPTH       0

DEGREE DAYS
 HEATING
  YESTERDAY       10                        12     -2       11
  MONTH TO DATE  276                       334    -58      345
  SINCE MAR 1   1113                      1059     54     1195
  SINCE JUL 1   4805                      4570    235     4902

 COOLING
  YESTERDAY        0                         0      0        0
  MONTH TO DATE    0                         0      0        0
  SINCE MAR 1      0                         0      0        0
  SINCE JAN 1      0                         0      0        0
..................................................................


WIND (MPH)
  HIGHEST WIND SPEED    36   HIGHEST WIND DIRECTION    SW (240)
  HIGHEST GUST SPEED    47   HIGHEST GUST DIRECTION    SW (240)
  AVERAGE WIND SPEED    13.8


SKY COVER
  POSSIBLE SUNSHINE  MM
  AVERAGE SKY COVER 0.5


WEATHER CONDITIONS
 THE FOLLOWING WEATHER WAS RECORDED YESTERDAY.
  THUNDERSTORM
  HEAVY RAIN
  LIGHT RAIN


RELATIVE HUMIDITY (PERCENT)
 HIGHEST    77           600 PM
 LOWEST     43           100 PM
 AVERAGE    60

..........................................................


THE KENNEDY NY CLIMATE NORMALS FOR TODAY
                         NORMAL    RECORD    YEAR
 MAXIMUM TEMPERATURE (F)   62        87      1973
 MINIMUM TEMPERATURE (F)   46        34      1986


SUNRISE AND SUNSET
APRIL 23 2015.........SUNRISE   605 AM EDT   SUNSET   743 PM EDT
APRIL 24 2015.........SUNRISE   604 AM EDT   SUNSET   744 PM EDT


-  INDICATES NEGATIVE NUMBERS.
R  INDICATES RECORD WAS SET OR TIED.
MM INDICATES DATA IS MISSING.
T  INDICATES TRACE AMOUNT.




$$
