000
CDUS41 KOKX 160641
CLILGA


CLIMATE REPORT
NATIONAL WEATHER SERVICE NEW YORK NY
241 AM EDT THU APR 16 2015


...................................

...THE LAGUARDIA NY CLIMATE SUMMARY FOR APRIL 15 2015...

CLIMATE NORMAL PERIOD 1981 TO 2010
CLIMATE RECORD PERIOD 1945 TO 2015


WEATHER ITEM   OBSERVED TIME   RECORD YEAR NORMAL DEPARTURE LAST
                VALUE   (LST)  VALUE       VALUE  FROM      YEAR
                                                  NORMAL
..................................................................
TEMPERATURE (F)
 YESTERDAY
  MAXIMUM         70    418 PM  86    1941  61      9       62
  MINIMUM         51    622 AM  28    1943  44      7       34
  AVERAGE         61                        53      8       48

PRECIPITATION (IN)
  YESTERDAY        0.00          6.69 2007   0.14  -0.14     0.87
  MONTH TO DATE    0.46                      2.11  -1.65     2.13
  SINCE MAR 1      5.00                      6.08  -1.08     5.79
  SINCE JAN 1     12.08                     12.01   0.07    13.08

SNOWFALL (IN)
  YESTERDAY        0.0           0.1  2014   0.0    0.0      0.1
  MONTH TO DATE    0.0                       0.4   -0.4      0.1
  SINCE OCT 1     53.8                      26.8   27.0     52.2
  SINCE JUL 1     53.8                      26.8   27.0     52.2
  SNOW DEPTH       0

DEGREE DAYS
 HEATING
  YESTERDAY        4                        13     -9       17
  MONTH TO DATE  205                       227    -22      189
  SINCE MAR 1   1039                       934    105     1047
  SINCE JUL 1   4761                      4363    398     4704

 COOLING
  YESTERDAY        0                         0      0        0
  MONTH TO DATE    0                         0      0        0
  SINCE MAR 1      0                         0      0        0
  SINCE JAN 1      0                         0      0        0
..................................................................


WIND (MPH)
  HIGHEST WIND SPEED    24   HIGHEST WIND DIRECTION     N (350)
  HIGHEST GUST SPEED    32   HIGHEST GUST DIRECTION     N (350)
  AVERAGE WIND SPEED    10.8


SKY COVER
  AVERAGE SKY COVER 0.6


WEATHER CONDITIONS
 THE FOLLOWING WEATHER WAS RECORDED YESTERDAY.
  NO SIGNIFICANT WEATHER WAS OBSERVED.


RELATIVE HUMIDITY (PERCENT)
 HIGHEST    59          1200 AM
 LOWEST     15           300 PM
 AVERAGE    37

..........................................................


THE LAGUARDIA NY CLIMATE NORMALS FOR TODAY
                         NORMAL    RECORD    YEAR
 MAXIMUM TEMPERATURE (F)   61        89      2002
 MINIMUM TEMPERATURE (F)   45        31      1943


SUNRISE AND SUNSET
APRIL 16 2015.........SUNRISE   616 AM EDT   SUNSET   736 PM EDT
APRIL 17 2015.........SUNRISE   614 AM EDT   SUNSET   737 PM EDT


-  INDICATES NEGATIVE NUMBERS.
R  INDICATES RECORD WAS SET OR TIED.
MM INDICATES DATA IS MISSING.
T  INDICATES TRACE AMOUNT.




$$
