000
CDUS41 KOKX 022048
CLILGA


CLIMATE REPORT
NATIONAL WEATHER SERVICE NEW YORK NY
447 PM EDT SAT MAY 2 2015


...................................

...THE LAGUARDIA NY CLIMATE SUMMARY FOR MAY 2 2015...
VALID TODAY AS OF 0400 PM LOCAL TIME.

CLIMATE NORMAL PERIOD 1981 TO 2010
CLIMATE RECORD PERIOD 1945 TO 2015


WEATHER ITEM   OBSERVED TIME   RECORD YEAR NORMAL DEPARTURE LAST
                VALUE   (LST)  VALUE       VALUE  FROM      YEAR
                                                  NORMAL
..................................................................
TEMPERATURE (F)
 TODAY
  MAXIMUM         69    114 PM  90    2010  67      2       68
                                      2001
  MINIMUM         48    538 AM  40    1978  50     -2       55
                                      1963
                                      1941
  AVERAGE         59                        58      1       62

PRECIPITATION (IN)
  TODAY            0.00          0.83 1989   0.12  -0.12      T
  MONTH TO DATE    0.00                      0.22  -0.22     0.15
  SINCE MAR 1      6.36                      8.19  -1.83    12.04
  SINCE JAN 1     13.44                     14.12  -0.68    19.33

SNOWFALL (IN)
  TODAY            0.0          MM      MM   0.0    0.0      0.0
  MONTH TO DATE    0.0                       0.0    0.0      0.0
  SINCE OCT 1     53.8                      26.9   26.9     52.4
  SINCE JUL 1     53.8                      26.9   26.9     52.4
  SNOW DEPTH       0

DEGREE DAYS
 HEATING
  TODAY            6                         7     -1        3
  MONTH TO DATE   17                        15      2        5
  SINCE MAR 1   1195                      1100     95     1276
  SINCE JUL 1   4917                      4529    388     4933

 COOLING
  TODAY            0                         1     -1        0
  MONTH TO DATE    0                         2     -2        0
  SINCE MAR 1      2                        10     -8        0
  SINCE JAN 1      2                        10     -8        0
..................................................................


WIND (MPH)
  HIGHEST WIND SPEED    20   HIGHEST WIND DIRECTION     S (170)
  HIGHEST GUST SPEED    23   HIGHEST GUST DIRECTION     S (170)
  AVERAGE WIND SPEED     4.1


SKY COVER
  AVERAGE SKY COVER 0.4


WEATHER CONDITIONS
 THE FOLLOWING WEATHER WAS RECORDED TODAY.
  NO SIGNIFICANT WEATHER WAS OBSERVED.


RELATIVE HUMIDITY (PERCENT)
 HIGHEST    77           500 AM
 LOWEST     37           100 PM
 AVERAGE    57

..........................................................


THE LAGUARDIA NY CLIMATE NORMALS FOR TOMORROW
                         NORMAL    RECORD    YEAR
 MAXIMUM TEMPERATURE (F)   67        90      2001
 MINIMUM TEMPERATURE (F)   50        40      1957


SUNRISE AND SUNSET
MAY  2 2015...........SUNRISE   553 AM EDT   SUNSET   753 PM EDT
MAY  3 2015...........SUNRISE   552 AM EDT   SUNSET   754 PM EDT


-  INDICATES NEGATIVE NUMBERS.
R  INDICATES RECORD WAS SET OR TIED.
MM INDICATES DATA IS MISSING.
T  INDICATES TRACE AMOUNT.




$$
