000
CDUS41 KOKX 162040
CLILGA


CLIMATE REPORT
NATIONAL WEATHER SERVICE NEW YORK NY
438 PM EDT THU APR 16 2015


...................................

...THE LAGUARDIA NY CLIMATE SUMMARY FOR APRIL 16 2015...
VALID TODAY AS OF 0400 PM LOCAL TIME.

CLIMATE NORMAL PERIOD 1981 TO 2010
CLIMATE RECORD PERIOD 1945 TO 2015


WEATHER ITEM   OBSERVED TIME   RECORD YEAR NORMAL DEPARTURE LAST
                VALUE   (LST)  VALUE       VALUE  FROM      YEAR
                                                  NORMAL
..................................................................
TEMPERATURE (F)
 TODAY
  MAXIMUM         62    104 PM  89    2002  61      1       47
  MINIMUM         47    445 AM  31    1943  45      2       32
  AVERAGE         55                        53      2       40

PRECIPITATION (IN)
  TODAY            0.00          2.45 1983   0.13  -0.13     0.05
  MONTH TO DATE    0.46                      2.24  -1.78     2.18
  SINCE MAR 1      5.00                      6.21  -1.21     5.84
  SINCE JAN 1     12.08                     12.14  -0.06    13.13

SNOWFALL (IN)
  TODAY            0.0           0.2  2014   0.0    0.0      0.2
  MONTH TO DATE    0.0                       0.4   -0.4      0.3
  SINCE OCT 1     53.8                      26.8   27.0     52.4
  SINCE JUL 1     53.8                      26.8   27.0     52.4
  SNOW DEPTH       0

DEGREE DAYS
 HEATING
  TODAY           10                        12     -2       25
  MONTH TO DATE  215                       239    -24      214
  SINCE MAR 1   1049                       946    103     1072
  SINCE JUL 1   4771                      4375    396     4729

 COOLING
  TODAY            0                         0      0        0
  MONTH TO DATE    0                         0      0        0
  SINCE MAR 1      0                         0      0        0
  SINCE JAN 1      0                         0      0        0
..................................................................


WIND (MPH)
  HIGHEST WIND SPEED    14   HIGHEST WIND DIRECTION     S (170)
  HIGHEST GUST SPEED    24   HIGHEST GUST DIRECTION    NE (60)
  AVERAGE WIND SPEED     7.3


SKY COVER
  AVERAGE SKY COVER 0.8


WEATHER CONDITIONS
 THE FOLLOWING WEATHER WAS RECORDED TODAY.
  NO SIGNIFICANT WEATHER WAS OBSERVED.


RELATIVE HUMIDITY (PERCENT)
 HIGHEST    54           400 AM
 LOWEST     19           100 PM
 AVERAGE    37

..........................................................


THE LAGUARDIA NY CLIMATE NORMALS FOR TOMORROW
                         NORMAL    RECORD    YEAR
 MAXIMUM TEMPERATURE (F)   62        94      2002
 MINIMUM TEMPERATURE (F)   45        32      1980


SUNRISE AND SUNSET
APRIL 16 2015.........SUNRISE   616 AM EDT   SUNSET   736 PM EDT
APRIL 17 2015.........SUNRISE   614 AM EDT   SUNSET   737 PM EDT


-  INDICATES NEGATIVE NUMBERS.
R  INDICATES RECORD WAS SET OR TIED.
MM INDICATES DATA IS MISSING.
T  INDICATES TRACE AMOUNT.




$$
