000
CDUS41 KOKX 210621
CLILGA


CLIMATE REPORT
NATIONAL WEATHER SERVICE NEW YORK NY
221 AM EDT TUE APR 21 2015


...................................

...THE LAGUARDIA NY CLIMATE SUMMARY FOR APRIL 20 2015...

CLIMATE NORMAL PERIOD 1981 TO 2010
CLIMATE RECORD PERIOD 1945 TO 2015


WEATHER ITEM   OBSERVED TIME   RECORD YEAR NORMAL DEPARTURE LAST
                VALUE   (LST)  VALUE       VALUE  FROM      YEAR
                                                  NORMAL
..................................................................
TEMPERATURE (F)
 YESTERDAY
  MAXIMUM         59    121 PM  85    2005  63     -4       55
  MINIMUM         45    457 AM  35    1953  46     -1       44
  AVERAGE         52                        54     -2       50

PRECIPITATION (IN)
  YESTERDAY        0.95          1.89 2009   0.13   0.82     0.00
  MONTH TO DATE    1.49                      2.75  -1.26     2.18
  SINCE MAR 1      6.03                      6.72  -0.69     5.84
  SINCE JAN 1     13.11                     12.65   0.46    13.13

SNOWFALL (IN)
  YESTERDAY        0.0           T    1983   0.0    0.0      0.0
  MONTH TO DATE    0.0                       0.5   -0.5      0.3
  SINCE OCT 1     53.8                      26.9   26.9     52.4
  SINCE JUL 1     53.8                      26.9   26.9     52.4
  SNOW DEPTH       0

DEGREE DAYS
 HEATING
  YESTERDAY       13                        11      2       15
  MONTH TO DATE  241                       285    -44      287
  SINCE MAR 1   1075                       992     83     1145
  SINCE JUL 1   4797                      4421    376     4802

 COOLING
  YESTERDAY        0                         0      0        0
  MONTH TO DATE    2                         0      2        0
  SINCE MAR 1      2                         0      2        0
  SINCE JAN 1      2                         0      2        0
..................................................................


WIND (MPH)
  HIGHEST WIND SPEED    36   HIGHEST WIND DIRECTION    SE (130)
  HIGHEST GUST SPEED    45   HIGHEST GUST DIRECTION    SE (120)
  AVERAGE WIND SPEED    14.7


SKY COVER
  AVERAGE SKY COVER 1.0


WEATHER CONDITIONS
 THE FOLLOWING WEATHER WAS RECORDED YESTERDAY.
  THUNDERSTORM
  HEAVY RAIN
  RAIN
  LIGHT RAIN
  FOG
  FOG W/VISIBILITY <= 1/4 MILE


RELATIVE HUMIDITY (PERCENT)
 HIGHEST   100           300 PM
 LOWEST     76          1200 AM
 AVERAGE    88

..........................................................


THE LAGUARDIA NY CLIMATE NORMALS FOR TODAY
                         NORMAL    RECORD    YEAR
 MAXIMUM TEMPERATURE (F)   63        86      1957
 MINIMUM TEMPERATURE (F)   46        33      1956


SUNRISE AND SUNSET
APRIL 21 2015.........SUNRISE   608 AM EDT   SUNSET   741 PM EDT
APRIL 22 2015.........SUNRISE   607 AM EDT   SUNSET   742 PM EDT


-  INDICATES NEGATIVE NUMBERS.
R  INDICATES RECORD WAS SET OR TIED.
MM INDICATES DATA IS MISSING.
T  INDICATES TRACE AMOUNT.




$$
