000
CDUS41 KOKX 062046
CLILGA


CLIMATE REPORT
NATIONAL WEATHER SERVICE NEW YORK NY
446 PM EDT WED MAY 6 2015


...................................

...THE LAGUARDIA NY CLIMATE SUMMARY FOR MAY 6 2015...
VALID TODAY AS OF 0400 PM LOCAL TIME.

CLIMATE NORMAL PERIOD 1981 TO 2010
CLIMATE RECORD PERIOD 1945 TO 2015


WEATHER ITEM   OBSERVED TIME   RECORD YEAR NORMAL DEPARTURE LAST
                VALUE   (LST)  VALUE       VALUE  FROM      YEAR
                                                  NORMAL
..................................................................
TEMPERATURE (F)
 TODAY
  MAXIMUM         69    202 AM  93    1949  68      1       68
  MINIMUM         59    659 AM  41    1967  51      8       53
  AVERAGE         64                        59      5       61

PRECIPITATION (IN)
  TODAY            T             1.28 1991   0.11  -0.11     0.00
  MONTH TO DATE    T                         0.68  -0.68     0.18
  SINCE MAR 1      6.36                      8.65  -2.29    12.07
  SINCE JAN 1     13.44                     14.58  -1.14    19.36

SNOWFALL (IN)
  TODAY            0.0          MM      MM   0.0    0.0      0.0
  MONTH TO DATE    0.0                       0.0    0.0      0.0
  SINCE OCT 1     53.8                      26.9   26.9     52.4
  SINCE JUL 1     53.8                      26.9   26.9     52.4
  SNOW DEPTH       0

DEGREE DAYS
 HEATING
  TODAY            1                         6     -5        4
  MONTH TO DATE   19                        42    -23       24
  SINCE MAR 1   1197                      1127     70     1295
  SINCE JUL 1   4919                      4556    363     4952

 COOLING
  TODAY            0                         1     -1        0
  MONTH TO DATE   11                         6      5        0
  SINCE MAR 1     13                        14     -1        0
  SINCE JAN 1     13                        14     -1        0
..................................................................


WIND (MPH)
  HIGHEST WIND SPEED    13   HIGHEST WIND DIRECTION    NE (50)
  HIGHEST GUST SPEED    18   HIGHEST GUST DIRECTION    NE (60)
  AVERAGE WIND SPEED     6.3


SKY COVER
  AVERAGE SKY COVER 1.0


WEATHER CONDITIONS
 THE FOLLOWING WEATHER WAS RECORDED TODAY.
  LIGHT RAIN


RELATIVE HUMIDITY (PERCENT)
 HIGHEST    64           800 AM
 LOWEST     32           400 AM
 AVERAGE    48

..........................................................


THE LAGUARDIA NY CLIMATE NORMALS FOR TOMORROW
                         NORMAL    RECORD    YEAR
 MAXIMUM TEMPERATURE (F)   68        93      2000
 MINIMUM TEMPERATURE (F)   51        40      1970


SUNRISE AND SUNSET
MAY  6 2015...........SUNRISE   548 AM EDT   SUNSET   757 PM EDT
MAY  7 2015...........SUNRISE   547 AM EDT   SUNSET   758 PM EDT


-  INDICATES NEGATIVE NUMBERS.
R  INDICATES RECORD WAS SET OR TIED.
MM INDICATES DATA IS MISSING.
T  INDICATES TRACE AMOUNT.




$$
