000
CDUS41 KOKX 020616
CLILGA


CLIMATE REPORT
NATIONAL WEATHER SERVICE NEW YORK NY
216 AM EDT SAT MAY 2 2015


...................................

...THE LAGUARDIA NY CLIMATE SUMMARY FOR MAY 1 2015...

CLIMATE NORMAL PERIOD 1981 TO 2010
CLIMATE RECORD PERIOD 1945 TO 2015


WEATHER ITEM   OBSERVED TIME   RECORD YEAR NORMAL DEPARTURE LAST
                VALUE   (LST)  VALUE       VALUE  FROM      YEAR
                                                  NORMAL
..................................................................
TEMPERATURE (F)
 YESTERDAY
  MAXIMUM         59    153 PM  85    2001  67     -8       77
  MINIMUM         48    602 AM  38    1978  49     -1       49
  AVERAGE         54                        58     -4       63

PRECIPITATION (IN)
  YESTERDAY        0.00          2.18 1976   0.10  -0.10     0.15
  MONTH TO DATE    0.00                      0.10  -0.10     0.15
  SINCE MAR 1      6.36                      8.07  -1.71    12.04
  SINCE JAN 1     13.44                     14.00  -0.56    19.33

SNOWFALL (IN)
  YESTERDAY        0.0          MM      MM   0.0    0.0      0.0
  MONTH TO DATE    0.0                       0.0    0.0      0.0
  SINCE OCT 1     53.8                      26.9   26.9     52.4
  SINCE JUL 1     53.8                      26.9   26.9     52.4
  SNOW DEPTH       0

DEGREE DAYS
 HEATING
  YESTERDAY       11                         8      3        2
  MONTH TO DATE   11                         8      3        2
  SINCE MAR 1   1189                      1093     96     1273
  SINCE JUL 1   4911                      4522    389     4930

 COOLING
  YESTERDAY        0                         1     -1        0
  MONTH TO DATE    0                         1     -1        0
  SINCE MAR 1      2                         9     -7        0
  SINCE JAN 1      2                         9     -7        0
..................................................................


WIND (MPH)
  HIGHEST WIND SPEED    16   HIGHEST WIND DIRECTION    NE (50)
  HIGHEST GUST SPEED    20   HIGHEST GUST DIRECTION    SE (140)
  AVERAGE WIND SPEED     7.7


SKY COVER
  AVERAGE SKY COVER 0.8


WEATHER CONDITIONS
 THE FOLLOWING WEATHER WAS RECORDED YESTERDAY.
  NO SIGNIFICANT WEATHER WAS OBSERVED.


RELATIVE HUMIDITY (PERCENT)
 HIGHEST    77           400 AM
 LOWEST     51           100 PM
 AVERAGE    64

..........................................................


THE LAGUARDIA NY CLIMATE NORMALS FOR TODAY
                         NORMAL    RECORD    YEAR
 MAXIMUM TEMPERATURE (F)   67        90      2010
                                             2001
 MINIMUM TEMPERATURE (F)   50        40      1978
                                             1963
                                             1941


SUNRISE AND SUNSET
MAY  2 2015...........SUNRISE   553 AM EDT   SUNSET   753 PM EDT
MAY  3 2015...........SUNRISE   552 AM EDT   SUNSET   754 PM EDT


-  INDICATES NEGATIVE NUMBERS.
R  INDICATES RECORD WAS SET OR TIED.
MM INDICATES DATA IS MISSING.
T  INDICATES TRACE AMOUNT.




$$
