000
CDUS41 KOKX 010619
CLILGA


CLIMATE REPORT
NATIONAL WEATHER SERVICE NEW YORK NY
218 AM EDT FRI MAY 1 2015


...................................

...THE LAGUARDIA NY CLIMATE SUMMARY FOR APRIL 30 2015...

CLIMATE NORMAL PERIOD 1981 TO 2010
CLIMATE RECORD PERIOD 1945 TO 2015


WEATHER ITEM   OBSERVED TIME   RECORD YEAR NORMAL DEPARTURE LAST
                VALUE   (LST)  VALUE       VALUE  FROM      YEAR
                                                  NORMAL
..................................................................
TEMPERATURE (F)
 YESTERDAY
  MAXIMUM         64    259 PM  89    1942  66     -2       49
  MINIMUM         47    526 AM  42    2014  49     -2       42
                                      1978
                                      1975
  AVERAGE         56                        58     -2       46

PRECIPITATION (IN)
  YESTERDAY        0.00          5.26 2014   0.11  -0.11     5.26
  MONTH TO DATE    1.82                      4.00  -2.18     8.23
  SINCE MAR 1      6.36                      7.97  -1.61    11.89
  SINCE JAN 1     13.44                     13.90  -0.46    19.18

SNOWFALL (IN)
  YESTERDAY        0.0          MM      MM   0.0    0.0      0.0
  MONTH TO DATE    0.0                       0.5   -0.5      0.3
  SINCE OCT 1     53.8                      26.9   26.9     52.4
  SINCE JUL 1     53.8                      26.9   26.9     52.4
  SNOW DEPTH       0

DEGREE DAYS
 HEATING
  YESTERDAY        9                         8      1       19
  MONTH TO DATE  344                       378    -34      413
  SINCE MAR 1   1178                      1085     93     1271
  SINCE JUL 1   4900                      4514    386     4928

 COOLING
  YESTERDAY        0                         1     -1        0
  MONTH TO DATE    2                         8     -6        0
  SINCE MAR 1      2                         8     -6        0
  SINCE JAN 1      2                         8     -6        0
..................................................................


WIND (MPH)
  HIGHEST WIND SPEED    21   HIGHEST WIND DIRECTION    NE (40)
  HIGHEST GUST SPEED    25   HIGHEST GUST DIRECTION    NE (50)
  AVERAGE WIND SPEED    13.4


SKY COVER
  AVERAGE SKY COVER 0.6


WEATHER CONDITIONS
 THE FOLLOWING WEATHER WAS RECORDED YESTERDAY.
  NO SIGNIFICANT WEATHER WAS OBSERVED.


RELATIVE HUMIDITY (PERCENT)
 HIGHEST    82           400 AM
 LOWEST     39           400 PM
 AVERAGE    61

..........................................................


THE LAGUARDIA NY CLIMATE NORMALS FOR TODAY
                         NORMAL    RECORD    YEAR
 MAXIMUM TEMPERATURE (F)   67        85      2001
 MINIMUM TEMPERATURE (F)   49        38      1978


SUNRISE AND SUNSET
MAY  1 2015...........SUNRISE   555 AM EDT   SUNSET   752 PM EDT
MAY  2 2015...........SUNRISE   553 AM EDT   SUNSET   753 PM EDT


-  INDICATES NEGATIVE NUMBERS.
R  INDICATES RECORD WAS SET OR TIED.
MM INDICATES DATA IS MISSING.
T  INDICATES TRACE AMOUNT.




$$
