000
CDUS41 KOKX 270623
CLILGA


CLIMATE REPORT
NATIONAL WEATHER SERVICE NEW YORK NY
223 AM EDT MON APR 27 2015


...................................

...THE LAGUARDIA NY CLIMATE SUMMARY FOR APRIL 26 2015...

CLIMATE NORMAL PERIOD 1981 TO 2010
CLIMATE RECORD PERIOD 1945 TO 2015


WEATHER ITEM   OBSERVED TIME   RECORD YEAR NORMAL DEPARTURE LAST
                VALUE   (LST)  VALUE       VALUE  FROM      YEAR
                                                  NORMAL
..................................................................
TEMPERATURE (F)
 YESTERDAY
  MAXIMUM         61    100 PM  91    2009  65     -4       64
  MINIMUM         45    523 AM  37    1972  48     -3       45
  AVERAGE         53                        56     -3       55

PRECIPITATION (IN)
  YESTERDAY        0.00          1.33 1973   0.13  -0.13     0.76
  MONTH TO DATE    1.82                      3.51  -1.69     2.94
  SINCE MAR 1      6.36                      7.48  -1.12     6.60
  SINCE JAN 1     13.44                     13.41   0.03    13.89

SNOWFALL (IN)
  YESTERDAY        0.0          MM      MM   0.0    0.0      0.0
  MONTH TO DATE    0.0                       0.5   -0.5      0.3
  SINCE OCT 1     53.8                      26.9   26.9     52.4
  SINCE JUL 1     53.8                      26.9   26.9     52.4
  SNOW DEPTH       0

DEGREE DAYS
 HEATING
  YESTERDAY       12                         9      3       10
  MONTH TO DATE  319                       344    -25      353
  SINCE MAR 1   1153                      1051    102     1211
  SINCE JUL 1   4875                      4480    395     4868

 COOLING
  YESTERDAY        0                         0      0        0
  MONTH TO DATE    2                         0      2        0
  SINCE MAR 1      2                         0      2        0
  SINCE JAN 1      2                         0      2        0
..................................................................


WIND (MPH)
  HIGHEST WIND SPEED    20   HIGHEST WIND DIRECTION    NW (320)
  HIGHEST GUST SPEED    24   HIGHEST GUST DIRECTION     N (340)
  AVERAGE WIND SPEED     7.4


SKY COVER
  AVERAGE SKY COVER 0.6


WEATHER CONDITIONS
 THE FOLLOWING WEATHER WAS RECORDED YESTERDAY.
  NO SIGNIFICANT WEATHER WAS OBSERVED.


RELATIVE HUMIDITY (PERCENT)
 HIGHEST    61          1200 AM
 LOWEST     28           200 PM
 AVERAGE    45

..........................................................


THE LAGUARDIA NY CLIMATE NORMALS FOR TODAY
                         NORMAL    RECORD    YEAR
 MAXIMUM TEMPERATURE (F)   65        89      1990
 MINIMUM TEMPERATURE (F)   48        38      1946


SUNRISE AND SUNSET
APRIL 27 2015.........SUNRISE   600 AM EDT   SUNSET   747 PM EDT
APRIL 28 2015.........SUNRISE   558 AM EDT   SUNSET   748 PM EDT


-  INDICATES NEGATIVE NUMBERS.
R  INDICATES RECORD WAS SET OR TIED.
MM INDICATES DATA IS MISSING.
T  INDICATES TRACE AMOUNT.




$$
