000
CDUS41 KOKX 172043
CLILGA


CLIMATE REPORT
NATIONAL WEATHER SERVICE NEW YORK NY
442 PM EDT FRI APR 17 2015


...................................

...THE LAGUARDIA NY CLIMATE SUMMARY FOR APRIL 17 2015...
VALID TODAY AS OF 0400 PM LOCAL TIME.

CLIMATE NORMAL PERIOD 1981 TO 2010
CLIMATE RECORD PERIOD 1945 TO 2015


WEATHER ITEM   OBSERVED TIME   RECORD YEAR NORMAL DEPARTURE LAST
                VALUE   (LST)  VALUE       VALUE  FROM      YEAR
                                                  NORMAL
..................................................................
TEMPERATURE (F)
 TODAY
  MAXIMUM         69    259 PM  94    2002  62      7       47
  MINIMUM         55    548 AM  32    1980  45     10       36
  AVERAGE         62                        53      9       42

PRECIPITATION (IN)
  TODAY            0.08          1.71 1954   0.13  -0.05     0.00
  MONTH TO DATE    0.54                      2.37  -1.83     2.18
  SINCE MAR 1      5.08                      6.34  -1.26     5.84
  SINCE JAN 1     12.16                     12.27  -0.11    13.13

SNOWFALL (IN)
  TODAY            0.0          MM      MM   0.0    0.0      0.0
  MONTH TO DATE    0.0                       0.4   -0.4      0.3
  SINCE OCT 1     53.8                      26.8   27.0     52.4
  SINCE JUL 1     53.8                      26.8   27.0     52.4
  SNOW DEPTH       0

DEGREE DAYS
 HEATING
  TODAY            3                        12     -9       23
  MONTH TO DATE  218                       251    -33      237
  SINCE MAR 1   1052                       958     94     1095
  SINCE JUL 1   4774                      4387    387     4752

 COOLING
  TODAY            0                         0      0        0
  MONTH TO DATE    0                         0      0        0
  SINCE MAR 1      0                         0      0        0
  SINCE JAN 1      0                         0      0        0
..................................................................


WIND (MPH)
  HIGHEST WIND SPEED    17   HIGHEST WIND DIRECTION     W (260)
  HIGHEST GUST SPEED    22   HIGHEST GUST DIRECTION     W (260)
  AVERAGE WIND SPEED    10.7


SKY COVER
  AVERAGE SKY COVER 1.0


WEATHER CONDITIONS
 THE FOLLOWING WEATHER WAS RECORDED TODAY.
  LIGHT RAIN


RELATIVE HUMIDITY (PERCENT)
 HIGHEST    86           700 AM
 LOWEST     57           300 PM
 AVERAGE    72

..........................................................


THE LAGUARDIA NY CLIMATE NORMALS FOR TOMORROW
                         NORMAL    RECORD    YEAR
 MAXIMUM TEMPERATURE (F)   62        91      1976
 MINIMUM TEMPERATURE (F)   45        35      2014


SUNRISE AND SUNSET
APRIL 17 2015.........SUNRISE   614 AM EDT   SUNSET   737 PM EDT
APRIL 18 2015.........SUNRISE   613 AM EDT   SUNSET   738 PM EDT


-  INDICATES NEGATIVE NUMBERS.
R  INDICATES RECORD WAS SET OR TIED.
MM INDICATES DATA IS MISSING.
T  INDICATES TRACE AMOUNT.




$$
