000
CDUS41 KOKX 090620
CLILGA


CLIMATE REPORT
NATIONAL WEATHER SERVICE NEW YORK NY
220 AM EDT THU APR 9 2015


...................................

...THE LAGUARDIA NY CLIMATE SUMMARY FOR APRIL 8 2015...

CLIMATE NORMAL PERIOD 1981 TO 2010
CLIMATE RECORD PERIOD 1945 TO 2015


WEATHER ITEM   OBSERVED TIME   RECORD YEAR NORMAL DEPARTURE LAST
                VALUE   (LST)  VALUE       VALUE  FROM      YEAR
                                                  NORMAL
..................................................................
TEMPERATURE (F)
 YESTERDAY
  MAXIMUM         46    544 PM  89    1991  58    -12       65
  MINIMUM         38   1159 PM  25    1982  42     -4       43
                                      1972
  AVERAGE         42                        50     -8       54

PRECIPITATION (IN)
  YESTERDAY        T             1.19 1983   0.14  -0.14     0.34
  MONTH TO DATE    0.21                      1.11  -0.90     1.26
  SINCE MAR 1      4.75                      5.08  -0.33     4.92
  SINCE JAN 1     11.83                     11.01   0.82    12.21

SNOWFALL (IN)
  YESTERDAY        0.0           6.4  1956   0.1   -0.1      0.0
  MONTH TO DATE    0.0                       0.3   -0.3      0.0
  SINCE OCT 1     53.8                      26.7   27.1     52.1
  SINCE JUL 1     53.8                      26.7   27.1     52.1
  SNOW DEPTH       0

DEGREE DAYS
 HEATING
  YESTERDAY       23                        15      8       11
  MONTH TO DATE  121                       131    -10      132
  SINCE MAR 1    955                       838    117      990
  SINCE JUL 1   4677                      4267    410     4647

 COOLING
  YESTERDAY        0                         0      0        0
  MONTH TO DATE    0                         0      0        0
  SINCE MAR 1      0                         0      0        0
  SINCE JAN 1      0                         0      0        0
..................................................................


WIND (MPH)
  HIGHEST WIND SPEED    22   HIGHEST WIND DIRECTION    NE (60)
  HIGHEST GUST SPEED    28   HIGHEST GUST DIRECTION     E (70)
  AVERAGE WIND SPEED    15.4


SKY COVER
  AVERAGE SKY COVER 1.0


WEATHER CONDITIONS
 THE FOLLOWING WEATHER WAS RECORDED YESTERDAY.
  LIGHT RAIN
  FOG
  HAZE


RELATIVE HUMIDITY (PERCENT)
 HIGHEST    92          1100 PM
 LOWEST     45           500 PM
 AVERAGE    69

..........................................................


THE LAGUARDIA NY CLIMATE NORMALS FOR TODAY
                         NORMAL    RECORD    YEAR
 MAXIMUM TEMPERATURE (F)   59        84      1991
 MINIMUM TEMPERATURE (F)   42        26      1977


SUNRISE AND SUNSET
APRIL  9 2015.........SUNRISE   627 AM EDT   SUNSET   728 PM EDT
APRIL 10 2015.........SUNRISE   625 AM EDT   SUNSET   730 PM EDT


-  INDICATES NEGATIVE NUMBERS.
R  INDICATES RECORD WAS SET OR TIED.
MM INDICATES DATA IS MISSING.
T  INDICATES TRACE AMOUNT.




$$
