000
CDUS41 KOKX 070616
CLILGA


CLIMATE REPORT
NATIONAL WEATHER SERVICE NEW YORK NY
216 AM EDT TUE APR 7 2015


...................................

...THE LAGUARDIA NY CLIMATE SUMMARY FOR APRIL 6 2015...

CLIMATE NORMAL PERIOD 1981 TO 2010
CLIMATE RECORD PERIOD 1945 TO 2015


WEATHER ITEM   OBSERVED TIME   RECORD YEAR NORMAL DEPARTURE LAST
                VALUE   (LST)  VALUE       VALUE  FROM      YEAR
                                                  NORMAL
..................................................................
TEMPERATURE (F)
 YESTERDAY
  MAXIMUM         60   1141 PM  80    1947  57      3       59
  MINIMUM         39    549 AM  22    1982  41     -2       37
  AVERAGE         50                        49      1       48

PRECIPITATION (IN)
  YESTERDAY        0.00          2.45 1958   0.14  -0.14     0.00
  MONTH TO DATE    0.04                      0.84  -0.80     0.26
  SINCE MAR 1      4.58                      4.81  -0.23     3.92
  SINCE JAN 1     11.66                     10.74   0.92    11.21

SNOWFALL (IN)
  YESTERDAY        0.0           8.2  1982   0.0    0.0      0.0
  MONTH TO DATE    0.0                       0.2   -0.2      0.0
  SINCE OCT 1     53.8                      26.6   27.2     52.1
  SINCE JUL 1     53.8                      26.6   27.2     52.1
  SNOW DEPTH       0

DEGREE DAYS
 HEATING
  YESTERDAY       15                        16     -1       17
  MONTH TO DATE   83                       101    -18      103
  SINCE MAR 1    917                       808    109      961
  SINCE JUL 1   4639                      4237    402     4618

 COOLING
  YESTERDAY        0                         0      0        0
  MONTH TO DATE    0                         0      0        0
  SINCE MAR 1      0                         0      0        0
  SINCE JAN 1      0                         0      0        0
..................................................................


WIND (MPH)
  HIGHEST WIND SPEED    16   HIGHEST WIND DIRECTION    NE (60)
  HIGHEST GUST SPEED    25   HIGHEST GUST DIRECTION    NE (60)
  AVERAGE WIND SPEED     8.2


SKY COVER
  AVERAGE SKY COVER 0.5


WEATHER CONDITIONS
 THE FOLLOWING WEATHER WAS RECORDED YESTERDAY.
  NO SIGNIFICANT WEATHER WAS OBSERVED.


RELATIVE HUMIDITY (PERCENT)
 HIGHEST    85           600 AM
 LOWEST     49          1100 PM
 AVERAGE    67

..........................................................


THE LAGUARDIA NY CLIMATE NORMALS FOR TODAY
                         NORMAL    RECORD    YEAR
 MAXIMUM TEMPERATURE (F)   58        91      2010
 MINIMUM TEMPERATURE (F)   42        22      1982


SUNRISE AND SUNSET
APRIL  7 2015.........SUNRISE   630 AM EDT   SUNSET   726 PM EDT
APRIL  8 2015.........SUNRISE   628 AM EDT   SUNSET   727 PM EDT


-  INDICATES NEGATIVE NUMBERS.
R  INDICATES RECORD WAS SET OR TIED.
MM INDICATES DATA IS MISSING.
T  INDICATES TRACE AMOUNT.




$$
