000
CDUS41 KOKX 260635
CLILGA


CLIMATE REPORT
NATIONAL WEATHER SERVICE NEW YORK NY
234 AM EDT SUN APR 26 2015


...................................

...THE LAGUARDIA NY CLIMATE SUMMARY FOR APRIL 25 2015...

CLIMATE NORMAL PERIOD 1981 TO 2010
CLIMATE RECORD PERIOD 1945 TO 2015


WEATHER ITEM   OBSERVED TIME   RECORD YEAR NORMAL DEPARTURE LAST
                VALUE   (LST)  VALUE       VALUE  FROM      YEAR
                                                  NORMAL
..................................................................
TEMPERATURE (F)
 YESTERDAY
  MAXIMUM         60    528 PM  88    2009  64     -4       60
                                      1960
  MINIMUM         39    610 AM  36    1971  48     -9       45
  AVERAGE         50                        56     -6       53

PRECIPITATION (IN)
  YESTERDAY        0.00          1.50 2010   0.12  -0.12      T
  MONTH TO DATE    1.82                      3.38  -1.56     2.18
  SINCE MAR 1      6.36                      7.35  -0.99     5.84
  SINCE JAN 1     13.44                     13.28   0.16    13.13

SNOWFALL (IN)
  YESTERDAY        0.0           T    1971   0.0    0.0      0.0
  MONTH TO DATE    0.0                       0.5   -0.5      0.3
  SINCE OCT 1     53.8                      26.9   26.9     52.4
  SINCE JUL 1     53.8                      26.9   26.9     52.4
  SNOW DEPTH       0

DEGREE DAYS
 HEATING
  YESTERDAY       15                         9      6       12
  MONTH TO DATE  307                       335    -28      343
  SINCE MAR 1   1141                      1042     99     1201
  SINCE JUL 1   4863                      4471    392     4858

 COOLING
  YESTERDAY        0                         0      0        0
  MONTH TO DATE    2                         0      2        0
  SINCE MAR 1      2                         0      2        0
  SINCE JAN 1      2                         0      2        0
..................................................................


WIND (MPH)
  HIGHEST WIND SPEED    18   HIGHEST WIND DIRECTION    NW (310)
  HIGHEST GUST SPEED    25   HIGHEST GUST DIRECTION    NW (300)
  AVERAGE WIND SPEED    10.5


SKY COVER
  AVERAGE SKY COVER 0.4


WEATHER CONDITIONS
 THE FOLLOWING WEATHER WAS RECORDED YESTERDAY.
  NO SIGNIFICANT WEATHER WAS OBSERVED.


RELATIVE HUMIDITY (PERCENT)
 HIGHEST    61          1000 PM
 LOWEST     23           400 PM
 AVERAGE    42

..........................................................


THE LAGUARDIA NY CLIMATE NORMALS FOR TODAY
                         NORMAL    RECORD    YEAR
 MAXIMUM TEMPERATURE (F)   65        91      2009
 MINIMUM TEMPERATURE (F)   48        37      1972


SUNRISE AND SUNSET
APRIL 26 2015.........SUNRISE   601 AM EDT   SUNSET   746 PM EDT
APRIL 27 2015.........SUNRISE   600 AM EDT   SUNSET   747 PM EDT


-  INDICATES NEGATIVE NUMBERS.
R  INDICATES RECORD WAS SET OR TIED.
MM INDICATES DATA IS MISSING.
T  INDICATES TRACE AMOUNT.




$$
