000
CDUS41 KOKX 140617
CLILGA


CLIMATE REPORT
NATIONAL WEATHER SERVICE NEW YORK NY
217 AM EDT TUE APR 14 2015


...................................

...THE LAGUARDIA NY CLIMATE SUMMARY FOR APRIL 13 2015...

CLIMATE NORMAL PERIOD 1981 TO 2010
CLIMATE RECORD PERIOD 1945 TO 2015


WEATHER ITEM   OBSERVED TIME   RECORD YEAR NORMAL DEPARTURE LAST
                VALUE   (LST)  VALUE       VALUE  FROM      YEAR
                                                  NORMAL
..................................................................
TEMPERATURE (F)
 YESTERDAY
  MAXIMUM         65    241 PM  85    1977  60      5       74
  MINIMUM         47    450 AM  31    1950  44      3       50
  AVERAGE         56                        52      4       62

PRECIPITATION (IN)
  YESTERDAY        0.00          1.63 2004   0.14  -0.14     0.00
  MONTH TO DATE    0.46                      1.83  -1.37     1.26
  SINCE MAR 1      5.00                      5.80  -0.80     4.92
  SINCE JAN 1     12.08                     11.73   0.35    12.21

SNOWFALL (IN)
  YESTERDAY        0.0           0.6  1961   0.0    0.0      0.0
  MONTH TO DATE    0.0                       0.4   -0.4      0.0
  SINCE OCT 1     53.8                      26.8   27.0     52.1
  SINCE JUL 1     53.8                      26.8   27.0     52.1
  SNOW DEPTH       0

DEGREE DAYS
 HEATING
  YESTERDAY        9                        13     -4        3
  MONTH TO DATE  195                       201     -6      170
  SINCE MAR 1   1029                       908    121     1028
  SINCE JUL 1   4751                      4337    414     4685

 COOLING
  YESTERDAY        0                         0      0        0
  MONTH TO DATE    0                         0      0        0
  SINCE MAR 1      0                         0      0        0
  SINCE JAN 1      0                         0      0        0
..................................................................


WIND (MPH)
  HIGHEST WIND SPEED    24   HIGHEST WIND DIRECTION     S (170)
  HIGHEST GUST SPEED    30   HIGHEST GUST DIRECTION     S (180)
  AVERAGE WIND SPEED     9.9


SKY COVER
  AVERAGE SKY COVER 0.7


WEATHER CONDITIONS
 THE FOLLOWING WEATHER WAS RECORDED YESTERDAY.
  NO SIGNIFICANT WEATHER WAS OBSERVED.


RELATIVE HUMIDITY (PERCENT)
 HIGHEST    72          1000 PM
 LOWEST     39          1000 AM
 AVERAGE    56

..........................................................


THE LAGUARDIA NY CLIMATE NORMALS FOR TODAY
                         NORMAL    RECORD    YEAR
 MAXIMUM TEMPERATURE (F)   60        84      1941
 MINIMUM TEMPERATURE (F)   44        27      1950


SUNRISE AND SUNSET
APRIL 14 2015.........SUNRISE   619 AM EDT   SUNSET   734 PM EDT
APRIL 15 2015.........SUNRISE   617 AM EDT   SUNSET   735 PM EDT


-  INDICATES NEGATIVE NUMBERS.
R  INDICATES RECORD WAS SET OR TIED.
MM INDICATES DATA IS MISSING.
T  INDICATES TRACE AMOUNT.




$$
