000
CDUS41 KOKX 310623
CLILGA


CLIMATE REPORT
NATIONAL WEATHER SERVICE NEW YORK NY
222 AM EDT TUE MAR 31 2015


...................................

...THE LAGUARDIA NY CLIMATE SUMMARY FOR MARCH 30 2015...

CLIMATE NORMAL PERIOD 1981 TO 2010
CLIMATE RECORD PERIOD 1945 TO 2015


WEATHER ITEM   OBSERVED TIME   RECORD YEAR NORMAL DEPARTURE LAST
                VALUE   (LST)  VALUE       VALUE  FROM      YEAR
                                                  NORMAL
..................................................................
TEMPERATURE (F)
 YESTERDAY
  MAXIMUM         55    159 PM  79    1998  55      0       47
  MINIMUM         34    605 AM  23    1970  39     -5       39
  AVERAGE         45                        47     -2       43

PRECIPITATION (IN)
  YESTERDAY        T             2.65 1951   0.13  -0.13     0.37
  MONTH TO DATE    4.40                      3.83   0.57     3.54
  SINCE MAR 1      4.40                      3.83   0.57     3.54
  SINCE JAN 1     11.48                      9.76   1.72    10.83

SNOWFALL (IN)
  YESTERDAY        T   R         T    2003   0.0    0.0      0.0
  MONTH TO DATE   17.3                       4.3   13.0      0.4
  SINCE OCT 1     53.8                      26.3   27.5     52.1
  SINCE JUL 1     53.8                      26.3   27.5     52.1
  SNOW DEPTH       0

DEGREE DAYS
 HEATING
  YESTERDAY       20                        18      2       22
  MONTH TO DATE  811                       688    123      838
  SINCE MAR 1    811                       688    123      838
  SINCE JUL 1   4533                      4117    416     4495

 COOLING
  YESTERDAY        0                         0      0        0
  MONTH TO DATE    0                         0      0        0
  SINCE MAR 1      0                         0      0        0
  SINCE JAN 1      0                         0      0        0
..................................................................


WIND (MPH)
  HIGHEST WIND SPEED    28   HIGHEST WIND DIRECTION    NW (300)
  HIGHEST GUST SPEED    39   HIGHEST GUST DIRECTION    NW (320)
  AVERAGE WIND SPEED    13.8


SKY COVER
  AVERAGE SKY COVER 0.8


WEATHER CONDITIONS
 THE FOLLOWING WEATHER WAS RECORDED YESTERDAY.
  LIGHT SNOW


RELATIVE HUMIDITY (PERCENT)
 HIGHEST    70           800 AM
 LOWEST     30           200 AM
 AVERAGE    50

..........................................................


THE LAGUARDIA NY CLIMATE NORMALS FOR TODAY
                         NORMAL    RECORD    YEAR
 MAXIMUM TEMPERATURE (F)   55        82      1998
 MINIMUM TEMPERATURE (F)   39        24      1964


SUNRISE AND SUNSET
MARCH 31 2015.........SUNRISE   641 AM EDT   SUNSET   719 PM EDT
APRIL  1 2015.........SUNRISE   640 AM EDT   SUNSET   720 PM EDT


-  INDICATES NEGATIVE NUMBERS.
R  INDICATES RECORD WAS SET OR TIED.
MM INDICATES DATA IS MISSING.
T  INDICATES TRACE AMOUNT.




$$
