000
CXUS53 KMPX 031526
CF6MIC
PRELIMINARY LOCAL CLIMATOLOGICAL DATA (WS FORM: F-6)

                                          STATION:   MINNEAPOLIS CRYSTAL MN
                                          MONTH:     JUNE
                                          YEAR:      2014
                                          LATITUDE:   45  4 N
                                          LONGITUDE:  93 21 W

  TEMPERATURE IN F:       :PCPN:    SNOW:  WIND      :SUNSHINE: SKY     :PK WND
================================================================================
1   2   3   4   5  6A  6B    7    8   9   10  11  12  13   14  15   16   17  18
                                     12Z  AVG MX 2MIN
DY MAX MIN AVG DEP HDD CDD  WTR  SNW DPTH SPD SPD DIR MIN PSBL S-S WX    SPD DR
================================================================================

 1  75  66  71   7   0   6 0.82    M    M  7.7 17 160   M    M   5 13     23 160
 2  81  61  71   7   0   6 0.08    M    M 13.2 28 270   M    M   6 13     37 270
 3  76  56  66   2   0   1 0.00    M    M  7.4 16 290   M    M   0        21 230
 4  83  56  70   5   0   5 0.00    M    M  2.5  9  70   M    M   4        14  80
 5  79  61  70   5   0   5    T    M    M  8.5 23 250   M    M   6        31 260
 6  86  57  72   7   0   7 0.07    M    M  3.5 17 350   M    M   3 138    23 350
 7  66  50  58  -8   7   0 0.37    M    M  7.4 20 350   M    M   7 13     25 350
 8  73  46  60  -6   5   0 0.00    M    M  2.4 12 340   M    M   2 12     17  10
 9  73  55  64  -2   1   0    T    M    M  3.5 10 350   M    M   6        13  50
10  79  52  66  -1   0   1 0.00    M    M  5.4 16 150   M    M   1 1      20 150
11  82  57  70   3   0   5 0.32    M    M  5.5 21 280   M    M   4 13     26 280
12  67  54  61  -6   4   0 0.00    M    M 13.6 24 290   M    M   7 1      31 310
13  76  51  64  -4   1   0    T    M    M  5.7 12 140   M    M   0        17 140
14  68  59  64  -4   1   0 1.08    M    M 10.9 24 140   M    M   6 13     34 140
15  78  59  69   1   0   4 0.47    M    M 13.8 28 140   M    M   7 13     36 150
16  87  62  75   6   0  10 0.33    M    M 11.2 30 150   M    M   1 13     47 150
17  85  61  73   4   0   8 0.42    M    M  4.4 14 150   M    M   4 13     16 150
18  81  70  76   7   0  11 0.11    M    M  9.7 18 100   M    M   5 3      24  90
19  77  66  72   3   0   7 1.92    M    M 10.4 23 130   M    M   8 13     34 120
20  85  68  77   7   0  12 0.00    M    M  6.2 14 190   M    M   5 1      18 190
21  86  64  75   5   0  10 0.00    M    M  4.8  9  90   M    M   0        13 320
22  79  64  72   2   0   7 0.11    M    M  4.1 18 230   M    M   3 3      26 230
23  82  64  73   3   0   8 0.00    M    M  4.7 16 300   M    M   2 18     20 270
24  84  62  73   2   0   8 0.02    M    M  5.5 17 270   M    M   2        22  40
25  69  56  63  -8   2   0 0.00    M    M  4.7 10 350   M    M   8 18     14  20
26  84  55  70  -1   0   5 0.00    M    M  8.4 17 100   M    M   1        23 120
27  83  71  77   6   0  12    T    M    M 12.3 21 160   M    M   5        26 150
28  85  70  78   7   0  13 0.99    M    M 12.9 30 160   M    M   5 13     37 160
29  87  65  76   4   0  11 0.01    M    M 11.9 25 230   M    M   2 1      33 210
30  81  69  75   3   0  10    T    M    M 11.8 22 230   M    M   3        28 210
================================================================================
SM 2377 1807        21 172  7.12    M    234.0          M      118
================================================================================
AV 79.2 60.2                               7.8 FASTST   M    M   4    MAX(MPH)
                                 MISC ---->  # 30 150               # 47  150
================================================================================
NOTES:
# LAST OF SEVERAL OCCURRENCES

COLUMN 17 PEAK WIND IN M.P.H.

PRELIMINARY LOCAL CLIMATOLOGICAL DATA (WS FORM: F-6) , PAGE 2

                                          STATION:  MINNEAPOLIS CRYSTAL MN
                                          MONTH:    JUNE
                                          YEAR:     2014
                                          LATITUDE:   45  4 N
                                          LONGITUDE:  93 21 W

[TEMPERATURE DATA]      [PRECIPITATION DATA]       SYMBOLS USED IN COLUMN 16

AVERAGE MONTHLY: 69.7   TOTAL FOR MONTH:   7.12    1 = FOG OR MIST
DPTR FM NORMAL:   1.5   DPTR FM NORMAL:    2.63    2 = FOG REDUCING VISIBILITY
HIGHEST:    87 ON 29,16 GRTST 24HR  1.99 ON 31- 1      TO 1/4 MILE OR LESS
LOWEST:     46 ON  8                               3 = THUNDER
                        SNOW, ICE PELLETS, HAIL    4 = ICE PELLETS
                        TOTAL MONTH:    M          5 = HAIL
                        GRTST 24HR    M  ON   M    6 = FREEZING RAIN OR DRIZZLE
                        GRTST DEPTH:  M  ON   M    7 = DUSTSTORM OR SANDSTORM:
                                                       VSBY 1/2 MILE OR LESS
                                                   8 = SMOKE OR HAZE
[NO. OF DAYS WITH]      [WEATHER - DAYS WITH]      9 = BLOWING SNOW
                                                   X = TORNADO
MAX 32 OR BELOW:   0    0.01 INCH OR MORE:  15
MAX 90 OR ABOVE:   0    0.10 INCH OR MORE:  11
MIN 32 OR BELOW:   0    0.50 INCH OR MORE:   4
MIN  0 OR BELOW:   0    1.00 INCH OR MORE:   2

[HDD (BASE 65) ]
TOTAL THIS MO.    21    CLEAR  (SCALE 0-3)  13
DPTR FM NORMAL   -25    PTCLDY (SCALE 4-7)  17
TOTAL FM JUL 1  8860    CLOUDY (SCALE 8-10)  0
DPTR FM NORMAL  1139

[CDD (BASE 65) ]
TOTAL THIS MO.   172
DPTR FM NORMAL    32    [PRESSURE DATA]
TOTAL FM JAN 1   221    HIGHEST SLP 30.13 ON  8
DPTR FM NORMAL    43    LOWEST  SLP 29.43 ON 15

[REMARKS]
#FINAL-06-14#
