000
CXUS51 KOKX 011807
CLANYC

NYCCLMNYC 000
TTAA00 KOKX 011758


CLIMATE REPORT
NATIONAL WEATHER SERVICE NEW YORK NY
107 PM EST THU JAN 1 2015

...................................

...THE CENTRAL PARK NY CLIMATE SUMMARY FOR THE YEAR OF 2014...

CLIMATE NORMAL PERIOD 1981 TO 2010
CLIMATE RECORD PERIOD 1869 TO 2014

WEATHER         OBSERVED          NORMAL  DEPART  LAST YEAR`S
                 VALUE   DATE(S)  VALUE   FROM    VALUE  DATE(S)
                                          NORMAL
................................................................
TEMPERATURE (F)
RECORD
 HIGH             106   07/09/1936
 LOW              -15   02/09/1934
HIGHEST            92   09/02        MM      MM       98  07/18
LOWEST              4   01/07        MM      MM       11  01/23
AVG. MAXIMUM     61.5              62.0    -0.5     62.2
AVG. MINIMUM     47.2              48.0    -0.8     48.4
MEAN             54.4              55.0    -0.6     55.3
DAYS MAX >= 90      8              12.2    -4.2       17
DAYS MAX <= 32     29              17.6    11.4       20
DAYS MIN <= 32     82              65.6    16.4       77
DAYS MIN <= 0       0               0.0     0.0        0

PRECIPITATION (INCHES)
RECORD
 MAXIMUM        80.56   1983
 MINIMUM        26.09   1965
TOTALS          53.79             49.94    3.85    46.32
DAILY AVG.       0.15              0.14    0.01     0.13
DAYS >= .01       129             122.0     7.0      119
DAYS >= .10        78              78.0     0.0       69
DAYS >= .50        32              33.0    -1.0       33
DAYS >= 1.00       17              13.9     3.1       11
GREATEST
 24 HR. TOTAL    5.01   MM                       12/31 TO 12/31

 STORM TOTAL       MM                                 MM
 (MM/DD(HH))            MM

SNOWFALL (INCHES)
RECORDS
 TOTAL           64.0   1896
 24 HR TOTAL     24.1   MM
 SNOW DEPTH        23   01/27/2011
TOTALS           50.0              25.8    24.2     29.6
 LIQUID EQUIV    5.00              2.60    2.40     2.96
SINCE 7/1         1.2               5.1    -3.9      8.6
 LIQUID 7/1      0.12              0.50   -0.38     0.86
SNOWDEPTH AVG.      1                MM      MM        0
DAYS >= TRACE      31              11.4    19.6       34
DAYS >= 1.0        12               6.2     5.8        8
GREATEST
 SNOW DEPTH        18   02/18                         10  02/10
                        02/15
                        02/16
 24 HR TOTAL     11.0   MM                       12/31 TO 12/31

 STORM TOTAL       MM                                 MM
 (MM/DD(HH))            MM

DEGREE_DAYS
HEATING TOTAL    4875              4750     125     4670
 SINCE 7/1         MM              1685      MM       MM
COOLING TOTAL    1128              1105      23     1272
 SINCE 1/1       1128              1105      23     1272
..................................................

WIND (MPH)
AVERAGE WIND SPEED              5.6
RESULTANT WIND SPEED/DIRECTION   1/062
HIGHEST WIND SPEED/DIRECTION    99/099    DATE  07/25
HIGHEST GUST SPEED/DIRECTION    99/099    DATE  07/25

SKY COVER
POSSIBLE SUNSHINE (PERCENT)   MM
AVERAGE SKY COVER           0.40
NUMBER OF DAYS FAIR          188
NUMBER OF DAYS PC            102
NUMBER OF DAYS CLOUDY         74

AVERAGE RH (PERCENT)     59

WEATHER CONDITIONS. NUMBER OF DAYS WITH
THUNDERSTORM              0     MIXED PRECIP               0
HEAVY RAIN               45     RAIN                      59
LIGHT RAIN              123     FREEZING RAIN              1
LT FREEZING RAIN          1     HAIL                       0
HEAVY SNOW                4     SNOW                      10
LIGHT SNOW               28     SLEET                      0
FOG                     122     FOG W/VIS <= 1/4 MILE     12
HAZE                     91

-  INDICATES NEGATIVE NUMBERS.
R  INDICATES RECORD WAS SET OR TIED.
MM INDICATES DATA IS MISSING.
T  INDICATES TRACE AMOUNT.

$$
