000
CDUS41 KOKX 160641
CLINYC


CLIMATE REPORT
NATIONAL WEATHER SERVICE NEW YORK NY
241 AM EDT THU APR 16 2015


...................................

...THE CENTRAL PARK NY CLIMATE SUMMARY FOR APRIL 15 2015...

CLIMATE NORMAL PERIOD 1981 TO 2010
CLIMATE RECORD PERIOD 1869 TO 2015


WEATHER ITEM   OBSERVED TIME   RECORD YEAR NORMAL DEPARTURE LAST
                VALUE   (LST)  VALUE       VALUE  FROM      YEAR
                                                  NORMAL
..................................................................
TEMPERATURE (F)
 YESTERDAY
  MAXIMUM         72    344 PM  87    1941  61     11       63
  MINIMUM         51    621 AM  28    1943  45      6       33
  AVERAGE         62                        53      9       48

PRECIPITATION (IN)
  YESTERDAY        0.00          7.57 2007   0.15  -0.15     0.71
  MONTH TO DATE    0.38                      2.38  -2.00     1.85
  SINCE MAR 1      5.10                      6.74  -1.64     5.52
  SINCE JAN 1     12.37                     13.48  -1.11    13.79

SNOWFALL (IN)
  YESTERDAY        0.0           1.0  1892   0.0    0.0       T
  MONTH TO DATE    0.0                       0.5   -0.5       T
  SINCE OCT 1     50.3                      25.7   24.6     57.4
  SINCE JUL 1     50.3                      25.7   24.6     57.4
  SNOW DEPTH       0

DEGREE DAYS
 HEATING
  YESTERDAY        3                        12     -9       17
  MONTH TO DATE  193                       222    -29      169
  SINCE MAR 1   1019                       922     97     1011
  SINCE JUL 1   4778                      4444    334     4681

 COOLING
  YESTERDAY        0                         0      0        0
  MONTH TO DATE    0                         0      0        4
  SINCE MAR 1      0                         1     -1        4
  SINCE JAN 1      0                         1     -1        4
..................................................................


WIND (MPH)
  HIGHEST WIND SPEED    21   HIGHEST WIND DIRECTION    NE (40)
  HIGHEST GUST SPEED    35   HIGHEST GUST DIRECTION    NE (40)
  AVERAGE WIND SPEED     6.2


SKY COVER
  AVERAGE SKY COVER 0.0


WEATHER CONDITIONS
 THE FOLLOWING WEATHER WAS RECORDED YESTERDAY.
  NO SIGNIFICANT WEATHER WAS OBSERVED.


RELATIVE HUMIDITY (PERCENT)
 HIGHEST    41           200 AM
 LOWEST     12           500 PM
 AVERAGE    27

..........................................................


THE CENTRAL PARK NY CLIMATE NORMALS FOR TODAY
                         NORMAL    RECORD    YEAR
 MAXIMUM TEMPERATURE (F)   62        92      2002
 MINIMUM TEMPERATURE (F)   45        29      1928


SUNRISE AND SUNSET
APRIL 16 2015.........SUNRISE   616 AM EDT   SUNSET   736 PM EDT
APRIL 17 2015.........SUNRISE   614 AM EDT   SUNSET   737 PM EDT


-  INDICATES NEGATIVE NUMBERS.
R  INDICATES RECORD WAS SET OR TIED.
MM INDICATES DATA IS MISSING.
T  INDICATES TRACE AMOUNT.




$$
