000
CDUS41 KOKX 290619
CLINYC


CLIMATE REPORT
NATIONAL WEATHER SERVICE NEW YORK NY
219 AM EDT SUN MAR 29 2015


...................................

...THE CENTRAL PARK NY CLIMATE SUMMARY FOR MARCH 28 2015...

CLIMATE NORMAL PERIOD 1981 TO 2010
CLIMATE RECORD PERIOD 1869 TO 2015


WEATHER ITEM   OBSERVED TIME   RECORD YEAR NORMAL DEPARTURE LAST
                VALUE   (LST)  VALUE       VALUE  FROM      YEAR
                                                  NORMAL
..................................................................
TEMPERATURE (F)
 YESTERDAY
  MAXIMUM         40    317 PM  84    1945  54    -14       62
  MINIMUM         26   1159 PM  13    1923  39    -13       37
  AVERAGE         33                        46    -13       50

PRECIPITATION (IN)
  YESTERDAY        T             2.98 2005   0.15  -0.15     0.04
  MONTH TO DATE    4.55                      3.90   0.65     1.35
  SINCE MAR 1      4.55                      3.90   0.65     1.35
  SINCE JAN 1     11.82                     10.64   1.18     9.62

SNOWFALL (IN)
  YESTERDAY        T             1.5  1984   0.0    0.0      0.0
  MONTH TO DATE   18.6                       3.7   14.9      0.1
  SINCE OCT 1     50.3                      25.0   25.3     57.4
  SINCE JUL 1     50.3                      25.0   25.3     57.4
  SNOW DEPTH       0

DEGREE DAYS
 HEATING
  YESTERDAY       32                        19     13       15
  MONTH TO DATE  753                       645    108      788
  SINCE MAR 1    753                       645    108      788
  SINCE JUL 1   4512                      4167    345     4458

 COOLING
  YESTERDAY        0                         0      0        0
  MONTH TO DATE    0                         0      0        0
  SINCE MAR 1      0                         0      0        0
  SINCE JAN 1      0                         0      0        0
..................................................................


WIND (MPH)
  HIGHEST WIND SPEED    15   HIGHEST WIND DIRECTION     N (10)
  HIGHEST GUST SPEED    23   HIGHEST GUST DIRECTION    NW (310)
  AVERAGE WIND SPEED     7.7


SKY COVER
  AVERAGE SKY COVER 1.0


WEATHER CONDITIONS
 THE FOLLOWING WEATHER WAS RECORDED YESTERDAY.
  LIGHT SNOW
  HAZE


RELATIVE HUMIDITY (PERCENT)
 HIGHEST    68          1100 PM
 LOWEST     44           600 PM
 AVERAGE    56

..........................................................


THE CENTRAL PARK NY CLIMATE NORMALS FOR TODAY
                         NORMAL    RECORD    YEAR
 MAXIMUM TEMPERATURE (F)   54        86      1945
 MINIMUM TEMPERATURE (F)   39        10      1923


SUNRISE AND SUNSET
MARCH 29 2015.........SUNRISE   645 AM EDT   SUNSET   717 PM EDT
MARCH 30 2015.........SUNRISE   643 AM EDT   SUNSET   718 PM EDT


-  INDICATES NEGATIVE NUMBERS.
R  INDICATES RECORD WAS SET OR TIED.
MM INDICATES DATA IS MISSING.
T  INDICATES TRACE AMOUNT.




$$
