000
CDUS41 KOKX 300621
CLINYC


CLIMATE REPORT
NATIONAL WEATHER SERVICE NEW YORK NY
221 AM EDT THU APR 30 2015


...................................

...THE CENTRAL PARK NY CLIMATE SUMMARY FOR APRIL 29 2015...

CLIMATE NORMAL PERIOD 1981 TO 2010
CLIMATE RECORD PERIOD 1869 TO 2015


WEATHER ITEM   OBSERVED TIME   RECORD YEAR NORMAL DEPARTURE LAST
                VALUE   (LST)  VALUE       VALUE  FROM      YEAR
                                                  NORMAL
..................................................................
TEMPERATURE (F)
 YESTERDAY
  MAXIMUM         78    349 PM  89    1974  66     12       52
  MINIMUM         50   1159 PM  32    1874  49      1       43
  AVERAGE         64                        58      6       48

PRECIPITATION (IN)
  YESTERDAY        0.00          0.91 1909   0.14  -0.14     0.03
  MONTH TO DATE    2.08                      4.37  -2.29     2.88
  SINCE MAR 1      6.80                      8.73  -1.93     6.55
  SINCE JAN 1     14.07                     15.47  -1.40    14.82

SNOWFALL (IN)
  YESTERDAY        0.0           T    1909   0.0    0.0      0.0
  MONTH TO DATE    0.0                       0.6   -0.6       T
  SINCE OCT 1     50.3                      25.8   24.5     57.4
  SINCE JUL 1     50.3                      25.8   24.5     57.4
  SNOW DEPTH       0

DEGREE DAYS
 HEATING
  YESTERDAY        1                         8     -7       17
  MONTH TO DATE  312                       362    -50      359
  SINCE MAR 1   1138                      1062     76     1201
  SINCE JUL 1   4897                      4584    313     4871

 COOLING
  YESTERDAY        0                         1     -1        0
  MONTH TO DATE    5                         8     -3        4
  SINCE MAR 1      5                         9     -4        4
  SINCE JAN 1      5                         9     -4        4
..................................................................


WIND (MPH)
  HIGHEST WIND SPEED    17   HIGHEST WIND DIRECTION    NE (60)
  HIGHEST GUST SPEED    23   HIGHEST GUST DIRECTION    NE (50)
  AVERAGE WIND SPEED     5.6


SKY COVER
  AVERAGE SKY COVER 0.1


WEATHER CONDITIONS
 THE FOLLOWING WEATHER WAS RECORDED YESTERDAY.
  NO SIGNIFICANT WEATHER WAS OBSERVED.


RELATIVE HUMIDITY (PERCENT)
 HIGHEST    68          1100 PM
 LOWEST     20           300 PM
 AVERAGE    44

..........................................................


THE CENTRAL PARK NY CLIMATE NORMALS FOR TODAY
                         NORMAL    RECORD    YEAR
 MAXIMUM TEMPERATURE (F)   66        91      1942
 MINIMUM TEMPERATURE (F)   49        30      1875


SUNRISE AND SUNSET
APRIL 30 2015.........SUNRISE   556 AM EDT   SUNSET   751 PM EDT
MAY  1 2015...........SUNRISE   555 AM EDT   SUNSET   752 PM EDT


-  INDICATES NEGATIVE NUMBERS.
R  INDICATES RECORD WAS SET OR TIED.
MM INDICATES DATA IS MISSING.
T  INDICATES TRACE AMOUNT.




$$
