000
CDUS41 KOKX 200627
CLINYC


CLIMATE REPORT
NATIONAL WEATHER SERVICE NEW YORK NY
227 AM EDT MON APR 20 2015


...................................

...THE CENTRAL PARK NY CLIMATE SUMMARY FOR APRIL 19 2015...

CLIMATE NORMAL PERIOD 1981 TO 2010
CLIMATE RECORD PERIOD 1869 TO 2015


WEATHER ITEM   OBSERVED TIME   RECORD YEAR NORMAL DEPARTURE LAST
                VALUE   (LST)  VALUE       VALUE  FROM      YEAR
                                                  NORMAL
..................................................................
TEMPERATURE (F)
 YESTERDAY
  MAXIMUM         64   1156 AM  92    1976  63      1       68
  MINIMUM         48   1159 PM  21    1875  46      2       41
  AVERAGE         56                        54      2       55

PRECIPITATION (IN)
  YESTERDAY        0.00          1.96 1978   0.15  -0.15     0.00
  MONTH TO DATE    0.46                      2.96  -2.50     1.90
  SINCE MAR 1      5.18                      7.32  -2.14     5.57
  SINCE JAN 1     12.45                     14.06  -1.61    13.84

SNOWFALL (IN)
  YESTERDAY        0.0           0.8  1983   0.1   -0.1      0.0
  MONTH TO DATE    0.0                       0.6   -0.6       T
  SINCE OCT 1     50.3                      25.8   24.5     57.4
  SINCE JUL 1     50.3                      25.8   24.5     57.4
  SNOW DEPTH       0

DEGREE DAYS
 HEATING
  YESTERDAY        9                        11     -2       10
  MONTH TO DATE  211                       268    -57      250
  SINCE MAR 1   1037                       968     69     1092
  SINCE JUL 1   4796                      4490    306     4762

 COOLING
  YESTERDAY        0                         0      0        0
  MONTH TO DATE    5                         0      5        4
  SINCE MAR 1      5                         1      4        4
  SINCE JAN 1      5                         1      4        4
..................................................................


WIND (MPH)
  HIGHEST WIND SPEED    15   HIGHEST WIND DIRECTION     S (180)
  HIGHEST GUST SPEED    22   HIGHEST GUST DIRECTION     S (170)
  AVERAGE WIND SPEED     8.5


SKY COVER
  AVERAGE SKY COVER 0.0


WEATHER CONDITIONS
 THE FOLLOWING WEATHER WAS RECORDED YESTERDAY.
  NO SIGNIFICANT WEATHER WAS OBSERVED.


RELATIVE HUMIDITY (PERCENT)
 HIGHEST    61          1000 PM
 LOWEST     21           200 AM
 AVERAGE    41

..........................................................


THE CENTRAL PARK NY CLIMATE NORMALS FOR TODAY
                         NORMAL    RECORD    YEAR
 MAXIMUM TEMPERATURE (F)   63        90      1927
 MINIMUM TEMPERATURE (F)   46        24      1897


SUNRISE AND SUNSET
APRIL 20 2015.........SUNRISE   610 AM EDT   SUNSET   740 PM EDT
APRIL 21 2015.........SUNRISE   609 AM EDT   SUNSET   741 PM EDT


-  INDICATES NEGATIVE NUMBERS.
R  INDICATES RECORD WAS SET OR TIED.
MM INDICATES DATA IS MISSING.
T  INDICATES TRACE AMOUNT.




$$
